{"id":118,"date":"2014-12-24T22:54:34","date_gmt":"2014-12-24T22:54:34","guid":{"rendered":"http:\/\/lopezvict.wordpress.com\/?page_id=118"},"modified":"2017-11-29T19:29:47","modified_gmt":"2017-11-29T19:29:47","slug":"junta-directiva","status":"publish","type":"page","link":"http:\/\/www.gimnasticterrassa.cat\/?page_id=118","title":{"rendered":"JUNTA DIRECTIVA"},"content":{"rendered":"<p><span style=\"text-decoration: underline;\">President<br \/>\n<\/span>Miquel \u00c0ngel Gamell<\/p>\n<p><span style=\"text-decoration: underline;\">Sots-President<br \/>\n<\/span>Miquel \u00c0ngel L\u00f3pez<\/p>\n<p><span style=\"text-decoration: underline;\">Secretari<br \/>\n<\/span>Joan Rif\u00e0<\/p>\n<p><span style=\"text-decoration: underline;\">Tresorer<br \/>\n<\/span>Marc Forte<\/p>\n<p><span style=\"text-decoration: underline;\">Vocals<br \/>\n<\/span>Maite Garcia<br \/>\nEulogio Garc\u00eda<br \/>\nRamon Manceb\u00f3n<br \/>\nImma Salazar<br \/>\nPilar Villa<br \/>\nEnric G\u00f3mez<br \/>\nInes Cueto<\/p>\n<p>&nbsp;<\/p>\n","protected":false},"excerpt":{"rendered":"<p>President Miquel \u00c0ngel Gamell Sots-President Miquel \u00c0ngel L\u00f3pez Secretari Joan Rif\u00e0 Tresorer Marc Forte Vocals Maite Garcia Eulogio Garc\u00eda Ramon Manceb\u00f3n Imma Salazar Pilar Villa Enric G\u00f3mez Ines Cueto &nbsp;<\/p>\n","protected":false},"author":1,"featured_media":0,"parent":0,"menu_order":0,"comment_status":"closed","ping_status":"closed","template":"page-templates\/front-page.php","meta":{"jetpack_post_was_ever_published":false,"footnotes":""},"jetpack_sharing_enabled":false,"jetpack_shortlink":"https:\/\/wp.me\/P5M9VU-1U","_links":{"self":[{"href":"http:\/\/www.gimnasticterrassa.cat\/index.php?rest_route=\/wp\/v2\/pages\/118"}],"collection":[{"href":"http:\/\/www.gimnasticterrassa.cat\/index.php?rest_route=\/wp\/v2\/pages"}],"about":[{"href":"http:\/\/www.gimnasticterrassa.cat\/index.php?rest_route=\/wp\/v2\/types\/page"}],"author":[{"embeddable":true,"href":"http:\/\/www.gimnasticterrassa.cat\/index.php?rest_route=\/wp\/v2\/users\/1"}],"replies":[{"embeddable":true,"href":"http:\/\/www.gimnasticterrassa.cat\/index.php?rest_route=%2Fwp%2Fv2%2Fcomments&post=118"}],"version-history":[{"count":5,"href":"http:\/\/www.gimnasticterrassa.cat\/index.php?rest_route=\/wp\/v2\/pages\/118\/revisions"}],"predecessor-version":[{"id":1884,"href":"http:\/\/www.gimnasticterrassa.cat\/index.php?rest_route=\/wp\/v2\/pages\/118\/revisions\/1884"}],"wp:attachment":[{"href":"http:\/\/www.gimnasticterrassa.cat\/index.php?rest_route=%2Fwp%2Fv2%2Fmedia&parent=118"}],"curies":[{"name":"wp","href":"https:\/\/api.w.org\/{rel}","templated":true}]}}

<p><span style="text-decoration: underline;">President<br />
</span>Miquel Àngel Gamell</p>
<p><span style="text-decoration: underline;">Sots-President<br />
</span>Miquel Àngel López</p>
<p><span style="text-decoration: underline;">Secretari<br />
</span>Joan Rifà</p>
<p><span style="text-decoration: underline;">Tresorer<br />
</span>Marc Forte</p>
<p><span style="text-decoration: underline;">Vocals<br />
</span>Maite Garcia<br />
Eulogio García<br />
Ramon Mancebón<br />
Imma Salazar<br />
Pilar Villa<br />
Enric Gómez<br />
Ines Cueto</p>
<p>&nbsp;</p>

<p>President Miquel Àngel Gamell Sots-President Miquel Àngel López Secretari Joan Rifà Tresorer Marc Forte Vocals Maite Garcia Eulogio García Ramon Mancebón Imma Salazar Pilar Villa Enric Gómez Ines Cueto &nbsp;</p>
