{"id":184,"date":"2014-12-25T08:25:00","date_gmt":"2014-12-25T08:25:00","guid":{"rendered":"http:\/\/lopezvict.wordpress.com\/?page_id=184"},"modified":"2022-08-31T18:17:40","modified_gmt":"2022-08-31T17:17:40","slug":"lequip-tecnic","status":"publish","type":"page","link":"http:\/\/www.gimnasticterrassa.cat\/?page_id=184","title":{"rendered":"L&#8217;EQUIP T\u00c8CNIC"},"content":{"rendered":"<p style=\"text-align: left;\"><strong>EL NOSTRE EQUIP T\u00c8CNIC<\/strong><\/p>\n<p><strong><span style=\"color: #800000;\">ART\u00cdSTICA FEMENINA<\/span><\/strong><\/p>\n<p>Llu\u00efsa Serra: Directora T\u00e8cnica \/ Coordinaci\u00f3 de Via Ol\u00edmpica i Base<\/p>\n<p>Laura Gamell: Coordinaci\u00f3 Generals i Escolars. T\u00e8cnica Base i Via<\/p>\n<p>Claudia Cahuana: T\u00e8cnica de Base i Via Ol\u00edmpica<\/p>\n<p>Haroldo Naranjo: T\u00e8cnic de Base i Via Ol\u00edmpica<\/p>\n<p>J\u00falia Ballester: T\u00e8cnica de Base i Via Ol\u00edmpica<\/p>\n<p>Mireia Casado: T\u00e8cnica de Base i Via Ol\u00edmpica<\/p>\n<p style=\"text-align: left;\">Marta Caffarel: T\u00e8cnica de Generals i Edat Escolar<\/p>\n<p>Ingrid Caballero: T\u00e8cnica de Generals<\/p>\n<p>Berta Reginc\u00f3s: T\u00e8cnica de Generals i Edat Escolar<\/p>\n<p>Laia Forte: T\u00e8cnica de Generals i Base<\/p>\n<p>Laia Montoliu: T\u00e8cnica de Generals<\/p>\n<p>Claudia Villalba: T\u00e8cnica de Generals i Baby Gym<\/p>\n<p>Clara Navarro: T\u00e8cnica de Generals i Baby Gym<\/p>\n<p style=\"text-align: left;\"><span style=\"color: #993300;\"><strong>ARTISTICA MASCULINA<\/strong><\/span><\/p>\n<p style=\"text-align: left;\">Xavier Pujol: Coordinaci\u00f3 GAM, Promoci\u00f3, Base i Tecnificaci\u00f3<\/p>\n<p style=\"text-align: left;\">Victor Pujol: T\u00e8cnic de Generals i Promoci\u00f3<\/p>\n<p>Enric G\u00f3mez: Suport a GAM<\/p>\n<p style=\"text-align: left;\"><span style=\"color: #333300;\"><strong>\u00a0R\u00cdTMICA<\/strong><\/span><\/p>\n<p>Sara Romeo: T\u00e8cnica de R\u00edtmica<\/p>\n<p><span style=\"color: #333300;\"><strong>TRAMPOL\u00cd<\/strong><\/span><\/p>\n<p>Ingrid Caballero: T\u00e8cnica de Trampol\u00ed<\/p>\n<p><span style=\"color: #333300;\"><strong>PARKOUR<\/strong><\/span><\/p>\n<p>Marcel Camp: T\u00e8cnic de Parkour<\/p>\n<p>\u00c0lex Perdices: T\u00e8cnic de Parkour<\/p>\n<p style=\"text-align: center;\">\n","protected":false},"excerpt":{"rendered":"<p>EL NOSTRE EQUIP T\u00c8CNIC ART\u00cdSTICA FEMENINA Llu\u00efsa Serra: Directora T\u00e8cnica \/ Coordinaci\u00f3 de Via Ol\u00edmpica i Base Laura Gamell: Coordinaci\u00f3 Generals i Escolars. T\u00e8cnica Base i Via Claudia Cahuana: T\u00e8cnica de Base i Via Ol\u00edmpica Haroldo Naranjo: T\u00e8cnic de Base i Via Ol\u00edmpica J\u00falia Ballester: T\u00e8cnica de Base i Via Ol\u00edmpica Mireia Casado: T\u00e8cnica de &hellip; <\/p>\n<p class=\"link-more\"><a href=\"http:\/\/www.gimnasticterrassa.cat\/?page_id=184\" class=\"more-link\">Continua llegint <span class=\"screen-reader-text\">\u00abL&#8217;EQUIP T\u00c8CNIC\u00bb<\/span><\/a><\/p>\n","protected":false},"author":1,"featured_media":0,"parent":0,"menu_order":0,"comment_status":"closed","ping_status":"closed","template":"","meta":{"jetpack_post_was_ever_published":false,"footnotes":""},"jetpack_sharing_enabled":true,"jetpack_shortlink":"https:\/\/wp.me\/P5M9VU-2Y","_links":{"self":[{"href":"http:\/\/www.gimnasticterrassa.cat\/index.php?rest_route=\/wp\/v2\/pages\/184"}],"collection":[{"href":"http:\/\/www.gimnasticterrassa.cat\/index.php?rest_route=\/wp\/v2\/pages"}],"about":[{"href":"http:\/\/www.gimnasticterrassa.cat\/index.php?rest_route=\/wp\/v2\/types\/page"}],"author":[{"embeddable":true,"href":"http:\/\/www.gimnasticterrassa.cat\/index.php?rest_route=\/wp\/v2\/users\/1"}],"replies":[{"embeddable":true,"href":"http:\/\/www.gimnasticterrassa.cat\/index.php?rest_route=%2Fwp%2Fv2%2Fcomments&post=184"}],"version-history":[{"count":5,"href":"http:\/\/www.gimnasticterrassa.cat\/index.php?rest_route=\/wp\/v2\/pages\/184\/revisions"}],"predecessor-version":[{"id":3162,"href":"http:\/\/www.gimnasticterrassa.cat\/index.php?rest_route=\/wp\/v2\/pages\/184\/revisions\/3162"}],"wp:attachment":[{"href":"http:\/\/www.gimnasticterrassa.cat\/index.php?rest_route=%2Fwp%2Fv2%2Fmedia&parent=184"}],"curies":[{"name":"wp","href":"https:\/\/api.w.org\/{rel}","templated":true}]}}

L&#8217;EQUIP TÈCNIC

<p style="text-align: left;"><strong>EL NOSTRE EQUIP TÈCNIC</strong></p>
<p><strong><span style="color: #800000;">ARTÍSTICA FEMENINA</span></strong></p>
<p>Lluïsa Serra: Directora Tècnica / Coordinació de Via Olímpica i Base</p>
<p>Laura Gamell: Coordinació Generals i Escolars. Tècnica Base i Via</p>
<p>Claudia Cahuana: Tècnica de Base i Via Olímpica</p>
<p>Haroldo Naranjo: Tècnic de Base i Via Olímpica</p>
<p>Júlia Ballester: Tècnica de Base i Via Olímpica</p>
<p>Mireia Casado: Tècnica de Base i Via Olímpica</p>
<p style="text-align: left;">Marta Caffarel: Tècnica de Generals i Edat Escolar</p>
<p>Ingrid Caballero: Tècnica de Generals</p>
<p>Berta Regincós: Tècnica de Generals i Edat Escolar</p>
<p>Laia Forte: Tècnica de Generals i Base</p>
<p>Laia Montoliu: Tècnica de Generals</p>
<p>Claudia Villalba: Tècnica de Generals i Baby Gym</p>
<p>Clara Navarro: Tècnica de Generals i Baby Gym</p>
<p style="text-align: left;"><span style="color: #993300;"><strong>ARTISTICA MASCULINA</strong></span></p>
<p style="text-align: left;">Xavier Pujol: Coordinació GAM, Promoció, Base i Tecnificació</p>
<p style="text-align: left;">Victor Pujol: Tècnic de Generals i Promoció</p>
<p>Enric Gómez: Suport a GAM</p>
<p style="text-align: left;"><span style="color: #333300;"><strong> RÍTMICA</strong></span></p>
<p>Sara Romeo: Tècnica de Rítmica</p>
<p><span style="color: #333300;"><strong>TRAMPOLÍ</strong></span></p>
<p>Ingrid Caballero: Tècnica de Trampolí</p>
<p><span style="color: #333300;"><strong>PARKOUR</strong></span></p>
<p>Marcel Camp: Tècnic de Parkour</p>
<p>Àlex Perdices: Tècnic de Parkour</p>
<p style="text-align: center;">

<p>EL NOSTRE EQUIP TÈCNIC ARTÍSTICA FEMENINA Lluïsa Serra: Directora Tècnica / Coordinació de Via Olímpica i Base Laura Gamell: Coordinació Generals i Escolars. Tècnica Base i Via Claudia Cahuana: Tècnica de Base i Via Olímpica Haroldo Naranjo: Tècnic de Base i Via Olímpica Júlia Ballester: Tècnica de Base i Via Olímpica Mireia Casado: Tècnica de &hellip; </p>
<p class="link-more"><a href="http://www.gimnasticterrassa.cat/?page_id=184" class="more-link">Continua llegint <span class="screen-reader-text">«L&#8217;EQUIP TÈCNIC»</span></a></p>
