{"id":1922,"date":"2017-12-06T14:04:19","date_gmt":"2017-12-06T13:04:19","guid":{"rendered":"http:\/\/www.gimnasticterrassa.cat\/?page_id=1922"},"modified":"2017-12-06T14:04:19","modified_gmt":"2017-12-06T13:04:19","slug":"baby-gim","status":"publish","type":"page","link":"http:\/\/www.gimnasticterrassa.cat\/?page_id=1922","title":{"rendered":"BABY GIM"},"content":{"rendered":"<p>Gimn\u00e0stica pels m\u00e9s petits, amb edats compreses dels 3 als 5anys, a trav\u00e9s de\u00a0jocs de psicomotricitat i amb l&#8217;ajuda d&#8217;elements gimn\u00e0stics adaptats, iniciem l&#8217;infant en la\u00a0pr\u00e0ctica d\u2018aquest esport. En aquestes edats el m\u00e9s important \u00e9s que la quitxalla pugui\u00a0demostrar sobretot les seves habilitats, observa&#8217;l i potenciar la seva curiositat per l&#8217;espai.<\/p>\n","protected":false},"excerpt":{"rendered":"<p>Gimn\u00e0stica pels m\u00e9s petits, amb edats compreses dels 3 als 5anys, a trav\u00e9s de\u00a0jocs de psicomotricitat i amb l&#8217;ajuda d&#8217;elements gimn\u00e0stics adaptats, iniciem l&#8217;infant en la\u00a0pr\u00e0ctica d\u2018aquest esport. En aquestes edats el m\u00e9s important \u00e9s que la quitxalla pugui\u00a0demostrar sobretot les seves habilitats, observa&#8217;l i potenciar la seva curiositat per l&#8217;espai.<\/p>\n","protected":false},"author":1,"featured_media":0,"parent":0,"menu_order":0,"comment_status":"closed","ping_status":"closed","template":"","meta":{"jetpack_post_was_ever_published":false,"footnotes":""},"jetpack_sharing_enabled":true,"jetpack_shortlink":"https:\/\/wp.me\/P5M9VU-v0","_links":{"self":[{"href":"http:\/\/www.gimnasticterrassa.cat\/index.php?rest_route=\/wp\/v2\/pages\/1922"}],"collection":[{"href":"http:\/\/www.gimnasticterrassa.cat\/index.php?rest_route=\/wp\/v2\/pages"}],"about":[{"href":"http:\/\/www.gimnasticterrassa.cat\/index.php?rest_route=\/wp\/v2\/types\/page"}],"author":[{"embeddable":true,"href":"http:\/\/www.gimnasticterrassa.cat\/index.php?rest_route=\/wp\/v2\/users\/1"}],"replies":[{"embeddable":true,"href":"http:\/\/www.gimnasticterrassa.cat\/index.php?rest_route=%2Fwp%2Fv2%2Fcomments&post=1922"}],"version-history":[{"count":1,"href":"http:\/\/www.gimnasticterrassa.cat\/index.php?rest_route=\/wp\/v2\/pages\/1922\/revisions"}],"predecessor-version":[{"id":1923,"href":"http:\/\/www.gimnasticterrassa.cat\/index.php?rest_route=\/wp\/v2\/pages\/1922\/revisions\/1923"}],"wp:attachment":[{"href":"http:\/\/www.gimnasticterrassa.cat\/index.php?rest_route=%2Fwp%2Fv2%2Fmedia&parent=1922"}],"curies":[{"name":"wp","href":"https:\/\/api.w.org\/{rel}","templated":true}]}}

<p>Gimnàstica pels més petits, amb edats compreses dels 3 als 5anys, a través de jocs de psicomotricitat i amb l&#8217;ajuda d&#8217;elements gimnàstics adaptats, iniciem l&#8217;infant en la pràctica d‘aquest esport. En aquestes edats el més important és que la quitxalla pugui demostrar sobretot les seves habilitats, observa&#8217;l i potenciar la seva curiositat per l&#8217;espai.</p>
