{"id":1927,"date":"2017-12-06T14:06:06","date_gmt":"2017-12-06T13:06:06","guid":{"rendered":"http:\/\/www.gimnasticterrassa.cat\/?page_id=1927"},"modified":"2017-12-06T14:06:06","modified_gmt":"2017-12-06T13:06:06","slug":"gimnastica-adults","status":"publish","type":"page","link":"http:\/\/www.gimnasticterrassa.cat\/?page_id=1927","title":{"rendered":"GIMN\u00c0STICA ADULTS"},"content":{"rendered":"<p>Gimn\u00e0stica per persones majors de 16 anys que b\u00e9 s\u2019inicien, b\u00e9 ja tenen\u00a0una petita base, aix\u00ed com dirigit a persones que provenen d&#8217;altres disciplines esportives, com\u00a0per exemple el crossfit, i que volen millorar les seves habilitats i capacitats.<\/p>\n","protected":false},"excerpt":{"rendered":"<p>Gimn\u00e0stica per persones majors de 16 anys que b\u00e9 s\u2019inicien, b\u00e9 ja tenen\u00a0una petita base, aix\u00ed com dirigit a persones que provenen d&#8217;altres disciplines esportives, com\u00a0per exemple el crossfit, i que volen millorar les seves habilitats i capacitats.<\/p>\n","protected":false},"author":1,"featured_media":0,"parent":0,"menu_order":0,"comment_status":"closed","ping_status":"closed","template":"","meta":{"jetpack_post_was_ever_published":false,"footnotes":""},"jetpack_sharing_enabled":true,"jetpack_shortlink":"https:\/\/wp.me\/P5M9VU-v5","_links":{"self":[{"href":"http:\/\/www.gimnasticterrassa.cat\/index.php?rest_route=\/wp\/v2\/pages\/1927"}],"collection":[{"href":"http:\/\/www.gimnasticterrassa.cat\/index.php?rest_route=\/wp\/v2\/pages"}],"about":[{"href":"http:\/\/www.gimnasticterrassa.cat\/index.php?rest_route=\/wp\/v2\/types\/page"}],"author":[{"embeddable":true,"href":"http:\/\/www.gimnasticterrassa.cat\/index.php?rest_route=\/wp\/v2\/users\/1"}],"replies":[{"embeddable":true,"href":"http:\/\/www.gimnasticterrassa.cat\/index.php?rest_route=%2Fwp%2Fv2%2Fcomments&post=1927"}],"version-history":[{"count":1,"href":"http:\/\/www.gimnasticterrassa.cat\/index.php?rest_route=\/wp\/v2\/pages\/1927\/revisions"}],"predecessor-version":[{"id":1928,"href":"http:\/\/www.gimnasticterrassa.cat\/index.php?rest_route=\/wp\/v2\/pages\/1927\/revisions\/1928"}],"wp:attachment":[{"href":"http:\/\/www.gimnasticterrassa.cat\/index.php?rest_route=%2Fwp%2Fv2%2Fmedia&parent=1927"}],"curies":[{"name":"wp","href":"https:\/\/api.w.org\/{rel}","templated":true}]}}