{"id":1955,"date":"2017-12-17T22:39:18","date_gmt":"2017-12-17T21:39:18","guid":{"rendered":"http:\/\/www.gimnasticterrassa.cat\/?page_id=1955"},"modified":"2018-12-16T21:03:54","modified_gmt":"2018-12-16T20:03:54","slug":"campus-nadal-2017","status":"publish","type":"page","link":"http:\/\/www.gimnasticterrassa.cat\/?page_id=1955","title":{"rendered":"Campus Nadal 2018"},"content":{"rendered":"<p class=\"m_-3393624924578426197m_-6568140559847304083gmail-m_1598088750824827657m_-1381182225977004641m_2165004065433057373m_-1529951372976491700m_-360502767947235600gmail-MsoNormal\"><span lang=\"CA\">Benvolguts\/ des,<\/span><\/p>\n<p class=\"m_-3393624924578426197m_-6568140559847304083gmail-m_1598088750824827657m_-1381182225977004641m_2165004065433057373m_-1529951372976491700m_-360502767947235600gmail-MsoNormal\"><span lang=\"CA\">\u00a0<\/span>Us informem que enguany, com ja \u00e9s tradicional, amb motiu de les vacances de\u00a0<span class=\"m_-3393624924578426197m_-6568140559847304083gmail-il\">Nadal<\/span>, el Club Gimn\u00e0stic Terrassa organitza el seu\u00a0<b><span class=\"m_-3393624924578426197m_-6568140559847304083gmail-il\">Campus<\/span>\u00a0de\u00a0<span class=\"m_-3393624924578426197m_-6568140559847304083gmail-il\">Nadal<\/span>,\u00a0<\/b>per tal que les nenes i nens, noies i nois, s\u00f2cies o no del club, puguin continuar fent activitat i gaudint de la gimn\u00e0stica aquest dies.<\/p>\n<p class=\"m_-3393624924578426197m_-6568140559847304083gmail-m_1598088750824827657m_-1381182225977004641m_2165004065433057373m_-1529951372976491700m_-360502767947235600gmail-MsoNormal\">El\u00a0<span class=\"m_-3393624924578426197m_-6568140559847304083gmail-il\">Campus<\/span>\u00a0es dur\u00e0 a terme els dies 24, 27, 28 i 31 de desembre i 2, 3 i 4 de gener, en horaris de 9:00 A 13:30 (amb flexibilitat en l\u2019entrada i la sortida, en cas de que sigui necessari). En aquesta ocasi\u00f3 no programem horari de tarda doncs l&#8217;any passat va tenir poca demanda, tot i aix\u00ed si ens manifesteu alguna necessitat en franja de tarda podem avaluar si obrim aquesta franja.<\/p>\n<p class=\"m_-3393624924578426197m_-6568140559847304083gmail-m_1598088750824827657m_-1381182225977004641m_2165004065433057373m_-1529951372976491700m_-360502767947235600gmail-MsoNormal\">Enguany el\u00a0<span class=\"m_-3393624924578426197m_-6568140559847304083gmail-il\">campus<\/span>\u00a0girar\u00e0 principalment al voltant de la gimn\u00e0stica art\u00edstica, amb la millora i perfeccionament dels aprenentatges assolits al llarg del curs, o coneixent noves t\u00e8cniques, combinat amb alguna altra activitat realitzada a les instal\u00b7lacions del club, per\u00f2 amb l&#8217;objectiu principal de potenciar la pr\u00e0ctica de la gimn\u00e0stica.<\/p>\n<p class=\"m_-3393624924578426197m_-6568140559847304083gmail-m_1598088750824827657m_-1381182225977004641m_2165004065433057373m_-1529951372976491700m_-360502767947235600gmail-MsoNormal\">No \u00e9s imprescindible inscriure\u2019s al\u00a0<span class=\"m_-3393624924578426197m_-6568140559847304083gmail-il\">campus<\/span>\u00a0complet, pot ser per dies, at\u00e8s que els mateixos es troben repartits en setmanes diferents. El preu total del\u00a0<span class=\"m_-3393624924578426197m_-6568140559847304083gmail-il\">campus<\/span>\u00a0ser\u00e0 de 90\u20ac per a socis i de 100\u20ac per a no socis.<\/p>\n<p class=\"m_-3393624924578426197m_-6568140559847304083gmail-m_1598088750824827657m_-1381182225977004641m_2165004065433057373m_-1529951372976491700m_-360502767947235600gmail-MsoNormal\">En cas de tenir inter\u00e8s en\u00a0 fer el\u00a0<span class=\"m_-3393624924578426197m_-6568140559847304083gmail-il\">campus<\/span>\u00a0sencer, o fer-lo per dies determinats, ens ho haur\u00edeu de fer saber quan abans millor, tot i que el pagament no caldria fer-lo fins el comen\u00e7ament del mateix.<\/p>\n","protected":false},"excerpt":{"rendered":"<p>Benvolguts\/ des, \u00a0Us informem que enguany, com ja \u00e9s tradicional, amb motiu de les vacances de\u00a0Nadal, el Club Gimn\u00e0stic Terrassa organitza el seu\u00a0Campus\u00a0de\u00a0Nadal,\u00a0per tal que les nenes i nens, noies i nois, s\u00f2cies o no del club, puguin continuar fent activitat i gaudint de la gimn\u00e0stica aquest dies. El\u00a0Campus\u00a0es dur\u00e0 a terme els dies 24, &hellip; <\/p>\n<p class=\"link-more\"><a href=\"http:\/\/www.gimnasticterrassa.cat\/?page_id=1955\" class=\"more-link\">Continua llegint <span class=\"screen-reader-text\">\u00abCampus Nadal 2018\u00bb<\/span><\/a><\/p>\n","protected":false},"author":1,"featured_media":0,"parent":0,"menu_order":0,"comment_status":"closed","ping_status":"closed","template":"","meta":{"jetpack_post_was_ever_published":false,"footnotes":""},"jetpack_sharing_enabled":true,"jetpack_shortlink":"https:\/\/wp.me\/P5M9VU-vx","_links":{"self":[{"href":"http:\/\/www.gimnasticterrassa.cat\/index.php?rest_route=\/wp\/v2\/pages\/1955"}],"collection":[{"href":"http:\/\/www.gimnasticterrassa.cat\/index.php?rest_route=\/wp\/v2\/pages"}],"about":[{"href":"http:\/\/www.gimnasticterrassa.cat\/index.php?rest_route=\/wp\/v2\/types\/page"}],"author":[{"embeddable":true,"href":"http:\/\/www.gimnasticterrassa.cat\/index.php?rest_route=\/wp\/v2\/users\/1"}],"replies":[{"embeddable":true,"href":"http:\/\/www.gimnasticterrassa.cat\/index.php?rest_route=%2Fwp%2Fv2%2Fcomments&post=1955"}],"version-history":[{"count":6,"href":"http:\/\/www.gimnasticterrassa.cat\/index.php?rest_route=\/wp\/v2\/pages\/1955\/revisions"}],"predecessor-version":[{"id":2070,"href":"http:\/\/www.gimnasticterrassa.cat\/index.php?rest_route=\/wp\/v2\/pages\/1955\/revisions\/2070"}],"wp:attachment":[{"href":"http:\/\/www.gimnasticterrassa.cat\/index.php?rest_route=%2Fwp%2Fv2%2Fmedia&parent=1955"}],"curies":[{"name":"wp","href":"https:\/\/api.w.org\/{rel}","templated":true}]}}

<p class="m_-3393624924578426197m_-6568140559847304083gmail-m_1598088750824827657m_-1381182225977004641m_2165004065433057373m_-1529951372976491700m_-360502767947235600gmail-MsoNormal"><span lang="CA">Benvolguts/ des,</span></p>
<p class="m_-3393624924578426197m_-6568140559847304083gmail-m_1598088750824827657m_-1381182225977004641m_2165004065433057373m_-1529951372976491700m_-360502767947235600gmail-MsoNormal"><span lang="CA"> </span>Us informem que enguany, com ja és tradicional, amb motiu de les vacances de <span class="m_-3393624924578426197m_-6568140559847304083gmail-il">Nadal</span>, el Club Gimnàstic Terrassa organitza el seu <b><span class="m_-3393624924578426197m_-6568140559847304083gmail-il">Campus</span> de <span class="m_-3393624924578426197m_-6568140559847304083gmail-il">Nadal</span>, </b>per tal que les nenes i nens, noies i nois, sòcies o no del club, puguin continuar fent activitat i gaudint de la gimnàstica aquest dies.</p>
<p class="m_-3393624924578426197m_-6568140559847304083gmail-m_1598088750824827657m_-1381182225977004641m_2165004065433057373m_-1529951372976491700m_-360502767947235600gmail-MsoNormal">El <span class="m_-3393624924578426197m_-6568140559847304083gmail-il">Campus</span> es durà a terme els dies 24, 27, 28 i 31 de desembre i 2, 3 i 4 de gener, en horaris de 9:00 A 13:30 (amb flexibilitat en l’entrada i la sortida, en cas de que sigui necessari). En aquesta ocasió no programem horari de tarda doncs l&#8217;any passat va tenir poca demanda, tot i així si ens manifesteu alguna necessitat en franja de tarda podem avaluar si obrim aquesta franja.</p>
<p class="m_-3393624924578426197m_-6568140559847304083gmail-m_1598088750824827657m_-1381182225977004641m_2165004065433057373m_-1529951372976491700m_-360502767947235600gmail-MsoNormal">Enguany el <span class="m_-3393624924578426197m_-6568140559847304083gmail-il">campus</span> girarà principalment al voltant de la gimnàstica artística, amb la millora i perfeccionament dels aprenentatges assolits al llarg del curs, o coneixent noves tècniques, combinat amb alguna altra activitat realitzada a les instal·lacions del club, però amb l&#8217;objectiu principal de potenciar la pràctica de la gimnàstica.</p>
<p class="m_-3393624924578426197m_-6568140559847304083gmail-m_1598088750824827657m_-1381182225977004641m_2165004065433057373m_-1529951372976491700m_-360502767947235600gmail-MsoNormal">No és imprescindible inscriure’s al <span class="m_-3393624924578426197m_-6568140559847304083gmail-il">campus</span> complet, pot ser per dies, atès que els mateixos es troben repartits en setmanes diferents. El preu total del <span class="m_-3393624924578426197m_-6568140559847304083gmail-il">campus</span> serà de 90€ per a socis i de 100€ per a no socis.</p>
<p class="m_-3393624924578426197m_-6568140559847304083gmail-m_1598088750824827657m_-1381182225977004641m_2165004065433057373m_-1529951372976491700m_-360502767947235600gmail-MsoNormal">En cas de tenir interès en  fer el <span class="m_-3393624924578426197m_-6568140559847304083gmail-il">campus</span> sencer, o fer-lo per dies determinats, ens ho hauríeu de fer saber quan abans millor, tot i que el pagament no caldria fer-lo fins el començament del mateix.</p>

<p>Benvolguts/ des,  Us informem que enguany, com ja és tradicional, amb motiu de les vacances de Nadal, el Club Gimnàstic Terrassa organitza el seu Campus de Nadal, per tal que les nenes i nens, noies i nois, sòcies o no del club, puguin continuar fent activitat i gaudint de la gimnàstica aquest dies. El Campus es durà a terme els dies 24, &hellip; </p>
<p class="link-more"><a href="http://www.gimnasticterrassa.cat/?page_id=1955" class="more-link">Continua llegint <span class="screen-reader-text">«Campus Nadal 2018»</span></a></p>
