{"id":2726,"date":"2021-03-07T20:17:39","date_gmt":"2021-03-07T19:17:39","guid":{"rendered":"http:\/\/www.gimnasticterrassa.cat\/?page_id=2726"},"modified":"2021-03-15T17:49:54","modified_gmt":"2021-03-15T16:49:54","slug":"campus-de-setmana-santa-2021","status":"publish","type":"page","link":"http:\/\/www.gimnasticterrassa.cat\/?page_id=2726","title":{"rendered":"Campus de Setmana Santa 2021"},"content":{"rendered":"\n<p>Us informem que enguany, com ja \u00e9s tradicional, despr\u00e9s de la pausa obligada l&#8217;any passat pel tancament obligat&nbsp;per la pand\u00e8mia, tornem a organitzar el nostre&nbsp;<strong>Campus de Setmana Santa<\/strong>, per tal que les nenes i nens s\u00f2cies o no s\u00f2cies del club, puguin continuar fent activitat i gaudint de la gimn\u00e0stica aquests dies.<\/p>\n\n\n\n<p>El&nbsp;Campus&nbsp;es dur\u00e0 a terme els dies 29, 30 i 31 de mar\u00e7 en horari de 9 a 13:30 (amb flexibilitat en l&#8217;entrada i la sortida, en cas que sigui necessari), i el seu cost ser\u00e0, 39 \u20ac per a socis, 45 \u20ac per a no socis.<\/p>\n\n\n\n<p>Les activitats que s&#8217;hi duran a terme giraran al voltant de la gimn\u00e0stica, b\u00e9 introduint en aquest esport a qui el practiqui per primer cop, b\u00e9 perfeccionant els coneixement ja apresos, per als que ja fan gimn\u00e0stica habitualment al club.&nbsp;No \u00e9s imprescindible inscriure&#8217;s al&nbsp;campus&nbsp;complet, pot ser per dies.&nbsp;Els preus per dies ser\u00e1n 13\u20ac per socis i 15\u20ac per no socis.<\/p>\n\n\n\n<p>Us adjuntem el formulari d&#8217;inscripci\u00f3, per tal que l&#8217;empleneu si hi teniu inter\u00e8s.<\/p>\n\n\n\n<p><a href=\"https:\/\/docs.google.com\/forms\/d\/e\/1FAIpQLSf1I9adgn47LUWUP8V6BTPajYa1Xc7NjusfT4_EQEQJffe2Fw\/viewform\">https:\/\/docs.google.com\/forms\/d\/e\/1FAIpQLSf1I9adgn47LUWUP8V6BTPajYa1Xc7NjusfT4_EQEQJffe2Fw\/viewform<\/a><\/p>\n\n\n\n<p>Us animem a participar-hi!<\/p>\n\n\n\n<p>Us hi esperem!!&nbsp;<\/p>\n","protected":false},"excerpt":{"rendered":"<p>Us informem que enguany, com ja \u00e9s tradicional, despr\u00e9s de la pausa obligada l&#8217;any passat pel tancament obligat&nbsp;per la pand\u00e8mia, tornem a organitzar el nostre&nbsp;Campus de Setmana Santa, per tal que les nenes i nens s\u00f2cies o no s\u00f2cies del club, puguin continuar fent activitat i gaudint de la gimn\u00e0stica aquests dies. El&nbsp;Campus&nbsp;es dur\u00e0 a &hellip; <\/p>\n<p class=\"link-more\"><a href=\"http:\/\/www.gimnasticterrassa.cat\/?page_id=2726\" class=\"more-link\">Continua llegint <span class=\"screen-reader-text\">\u00abCampus de Setmana Santa 2021\u00bb<\/span><\/a><\/p>\n","protected":false},"author":1,"featured_media":0,"parent":0,"menu_order":0,"comment_status":"closed","ping_status":"closed","template":"","meta":{"jetpack_post_was_ever_published":false,"footnotes":""},"jetpack_sharing_enabled":true,"jetpack_shortlink":"https:\/\/wp.me\/P5M9VU-HY","_links":{"self":[{"href":"http:\/\/www.gimnasticterrassa.cat\/index.php?rest_route=\/wp\/v2\/pages\/2726"}],"collection":[{"href":"http:\/\/www.gimnasticterrassa.cat\/index.php?rest_route=\/wp\/v2\/pages"}],"about":[{"href":"http:\/\/www.gimnasticterrassa.cat\/index.php?rest_route=\/wp\/v2\/types\/page"}],"author":[{"embeddable":true,"href":"http:\/\/www.gimnasticterrassa.cat\/index.php?rest_route=\/wp\/v2\/users\/1"}],"replies":[{"embeddable":true,"href":"http:\/\/www.gimnasticterrassa.cat\/index.php?rest_route=%2Fwp%2Fv2%2Fcomments&post=2726"}],"version-history":[{"count":3,"href":"http:\/\/www.gimnasticterrassa.cat\/index.php?rest_route=\/wp\/v2\/pages\/2726\/revisions"}],"predecessor-version":[{"id":2740,"href":"http:\/\/www.gimnasticterrassa.cat\/index.php?rest_route=\/wp\/v2\/pages\/2726\/revisions\/2740"}],"wp:attachment":[{"href":"http:\/\/www.gimnasticterrassa.cat\/index.php?rest_route=%2Fwp%2Fv2%2Fmedia&parent=2726"}],"curies":[{"name":"wp","href":"https:\/\/api.w.org\/{rel}","templated":true}]}}

<p>Us informem que enguany, com ja és tradicional, després de la pausa obligada l&#8217;any passat pel tancament obligat&nbsp;per la pandèmia, tornem a organitzar el nostre&nbsp;<strong>Campus de Setmana Santa</strong>, per tal que les nenes i nens sòcies o no sòcies del club, puguin continuar fent activitat i gaudint de la gimnàstica aquests dies.</p>



<p>El&nbsp;Campus&nbsp;es durà a terme els dies 29, 30 i 31 de març en horari de 9 a 13:30 (amb flexibilitat en l&#8217;entrada i la sortida, en cas que sigui necessari), i el seu cost serà, 39 € per a socis, 45 € per a no socis.</p>



<p>Les activitats que s&#8217;hi duran a terme giraran al voltant de la gimnàstica, bé introduint en aquest esport a qui el practiqui per primer cop, bé perfeccionant els coneixement ja apresos, per als que ja fan gimnàstica habitualment al club.&nbsp;No és imprescindible inscriure&#8217;s al&nbsp;campus&nbsp;complet, pot ser per dies.&nbsp;Els preus per dies serán 13€ per socis i 15€ per no socis.</p>



<p>Us adjuntem el formulari d&#8217;inscripció, per tal que l&#8217;empleneu si hi teniu interès.</p>



<p><a href="https://docs.google.com/forms/d/e/1FAIpQLSf1I9adgn47LUWUP8V6BTPajYa1Xc7NjusfT4_EQEQJffe2Fw/viewform">https://docs.google.com/forms/d/e/1FAIpQLSf1I9adgn47LUWUP8V6BTPajYa1Xc7NjusfT4_EQEQJffe2Fw/viewform</a></p>



<p>Us animem a participar-hi!</p>



<p>Us hi esperem!!&nbsp;</p>

<p>Us informem que enguany, com ja és tradicional, després de la pausa obligada l&#8217;any passat pel tancament obligat&nbsp;per la pandèmia, tornem a organitzar el nostre&nbsp;Campus de Setmana Santa, per tal que les nenes i nens sòcies o no sòcies del club, puguin continuar fent activitat i gaudint de la gimnàstica aquests dies. El&nbsp;Campus&nbsp;es durà a &hellip; </p>
<p class="link-more"><a href="http://www.gimnasticterrassa.cat/?page_id=2726" class="more-link">Continua llegint <span class="screen-reader-text">«Campus de Setmana Santa 2021»</span></a></p>
