{"id":2945,"date":"2021-12-14T16:13:33","date_gmt":"2021-12-14T15:13:33","guid":{"rendered":"http:\/\/www.gimnasticterrassa.cat\/?page_id=2945"},"modified":"2021-12-14T16:13:34","modified_gmt":"2021-12-14T15:13:34","slug":"campus-de-nadal-2021","status":"publish","type":"page","link":"http:\/\/www.gimnasticterrassa.cat\/?page_id=2945","title":{"rendered":"Campus de Nadal 2021"},"content":{"rendered":"\n<p>Us informem que enguany, com ja \u00e9s tradicional, i per primer cop al nou pavell\u00f3, amb motiu de les vacances de&nbsp;Nadal, el Club Gimn\u00e0stic Terrassa organitza el seu&nbsp;<strong>Campus&nbsp;de&nbsp;Nadal,&nbsp;<\/strong>per tal que les nenes i nens, noies i nois, s\u00f2cies o no del club, puguin continuar fent activitat i gaudint de la gimn\u00e0stica aquest dies.<\/p>\n\n\n\n<p>El\u00a0Campus\u00a0es dur\u00e0 a terme els dies 23, 24, 27, 28, 29, 30 i 31 de desembre i 3, 4, 5 i 7 de gener, en horaris de 9:00 A 13:30 (amb flexibilitat en l\u2019entrada i la sortida, en cas de que sigui necessari).<\/p>\n\n\n\n<p>El&nbsp;campus&nbsp;girar\u00e0 principalment al voltant de la gimn\u00e0stica art\u00edstica, amb la millora i perfeccionament dels aprenentatges assolits al llarg del curs, o coneixent noves t\u00e8cniques, combinat amb alguna altra activitat realitzada a les instal\u00b7lacions del club, per\u00f2 amb l&#8217;objectiu principal de potenciar la pr\u00e0ctica de la gimn\u00e0stica.<\/p>\n\n\n\n<p>No \u00e9s imprescindible inscriure\u2019s al\u00a0campus\u00a0complet, pot ser per dies, at\u00e8s que els mateixos es troben repartits en setmanes diferents. El preu total del\u00a0campus\u00a0ser\u00e0 de 130\u20ac per a socis i de 155\u20ac per a no socis.<\/p>\n\n\n\n<p>En cas de tenir inter\u00e8s en&nbsp; fer el&nbsp;campus&nbsp;sencer, o fer-lo per dies determinats, ens haur\u00edeu d&#8217;emplenar el formulari adjunt, tot i que el pagament no caldria fer-lo fins el comen\u00e7ament del mateix.<\/p>\n\n\n\n<p><a href=\"https:\/\/docs.google.com\/forms\/d\/e\/1FAIpQLSfYls2mn3a-9aTDFX1nhTnmxpcu6ccslCoM8cdTcErYqrfKyg\/viewform\">https:\/\/docs.google.com\/forms\/d\/e\/1FAIpQLSfYls2mn3a-9aTDFX1nhTnmxpcu6ccslCoM8cdTcErYqrfKyg\/viewform<\/a><\/p>\n\n\n\n<p>Us hi esperem!!\u00a0<\/p>\n","protected":false},"excerpt":{"rendered":"<p>Us informem que enguany, com ja \u00e9s tradicional, i per primer cop al nou pavell\u00f3, amb motiu de les vacances de&nbsp;Nadal, el Club Gimn\u00e0stic Terrassa organitza el seu&nbsp;Campus&nbsp;de&nbsp;Nadal,&nbsp;per tal que les nenes i nens, noies i nois, s\u00f2cies o no del club, puguin continuar fent activitat i gaudint de la gimn\u00e0stica aquest dies. El\u00a0Campus\u00a0es dur\u00e0 &hellip; <\/p>\n<p class=\"link-more\"><a href=\"http:\/\/www.gimnasticterrassa.cat\/?page_id=2945\" class=\"more-link\">Continua llegint <span class=\"screen-reader-text\">\u00abCampus de Nadal 2021\u00bb<\/span><\/a><\/p>\n","protected":false},"author":1,"featured_media":0,"parent":0,"menu_order":0,"comment_status":"closed","ping_status":"closed","template":"","meta":{"jetpack_post_was_ever_published":false,"footnotes":""},"jetpack_sharing_enabled":true,"jetpack_shortlink":"https:\/\/wp.me\/P5M9VU-Lv","_links":{"self":[{"href":"http:\/\/www.gimnasticterrassa.cat\/index.php?rest_route=\/wp\/v2\/pages\/2945"}],"collection":[{"href":"http:\/\/www.gimnasticterrassa.cat\/index.php?rest_route=\/wp\/v2\/pages"}],"about":[{"href":"http:\/\/www.gimnasticterrassa.cat\/index.php?rest_route=\/wp\/v2\/types\/page"}],"author":[{"embeddable":true,"href":"http:\/\/www.gimnasticterrassa.cat\/index.php?rest_route=\/wp\/v2\/users\/1"}],"replies":[{"embeddable":true,"href":"http:\/\/www.gimnasticterrassa.cat\/index.php?rest_route=%2Fwp%2Fv2%2Fcomments&post=2945"}],"version-history":[{"count":2,"href":"http:\/\/www.gimnasticterrassa.cat\/index.php?rest_route=\/wp\/v2\/pages\/2945\/revisions"}],"predecessor-version":[{"id":2947,"href":"http:\/\/www.gimnasticterrassa.cat\/index.php?rest_route=\/wp\/v2\/pages\/2945\/revisions\/2947"}],"wp:attachment":[{"href":"http:\/\/www.gimnasticterrassa.cat\/index.php?rest_route=%2Fwp%2Fv2%2Fmedia&parent=2945"}],"curies":[{"name":"wp","href":"https:\/\/api.w.org\/{rel}","templated":true}]}}

<p>Us informem que enguany, com ja és tradicional, i per primer cop al nou pavelló, amb motiu de les vacances de&nbsp;Nadal, el Club Gimnàstic Terrassa organitza el seu&nbsp;<strong>Campus&nbsp;de&nbsp;Nadal,&nbsp;</strong>per tal que les nenes i nens, noies i nois, sòcies o no del club, puguin continuar fent activitat i gaudint de la gimnàstica aquest dies.</p>



<p>El Campus es durà a terme els dies 23, 24, 27, 28, 29, 30 i 31 de desembre i 3, 4, 5 i 7 de gener, en horaris de 9:00 A 13:30 (amb flexibilitat en l’entrada i la sortida, en cas de que sigui necessari).</p>



<p>El&nbsp;campus&nbsp;girarà principalment al voltant de la gimnàstica artística, amb la millora i perfeccionament dels aprenentatges assolits al llarg del curs, o coneixent noves tècniques, combinat amb alguna altra activitat realitzada a les instal·lacions del club, però amb l&#8217;objectiu principal de potenciar la pràctica de la gimnàstica.</p>



<p>No és imprescindible inscriure’s al campus complet, pot ser per dies, atès que els mateixos es troben repartits en setmanes diferents. El preu total del campus serà de 130€ per a socis i de 155€ per a no socis.</p>



<p>En cas de tenir interès en&nbsp; fer el&nbsp;campus&nbsp;sencer, o fer-lo per dies determinats, ens hauríeu d&#8217;emplenar el formulari adjunt, tot i que el pagament no caldria fer-lo fins el començament del mateix.</p>



<p><a href="https://docs.google.com/forms/d/e/1FAIpQLSfYls2mn3a-9aTDFX1nhTnmxpcu6ccslCoM8cdTcErYqrfKyg/viewform">https://docs.google.com/forms/d/e/1FAIpQLSfYls2mn3a-9aTDFX1nhTnmxpcu6ccslCoM8cdTcErYqrfKyg/viewform</a></p>



<p>Us hi esperem!! </p>

<p>Us informem que enguany, com ja és tradicional, i per primer cop al nou pavelló, amb motiu de les vacances de&nbsp;Nadal, el Club Gimnàstic Terrassa organitza el seu&nbsp;Campus&nbsp;de&nbsp;Nadal,&nbsp;per tal que les nenes i nens, noies i nois, sòcies o no del club, puguin continuar fent activitat i gaudint de la gimnàstica aquest dies. El Campus es durà &hellip; </p>
<p class="link-more"><a href="http://www.gimnasticterrassa.cat/?page_id=2945" class="more-link">Continua llegint <span class="screen-reader-text">«Campus de Nadal 2021»</span></a></p>
