{"id":3011,"date":"2022-03-22T23:49:05","date_gmt":"2022-03-22T22:49:05","guid":{"rendered":"http:\/\/www.gimnasticterrassa.cat\/?page_id=3011"},"modified":"2022-03-22T23:49:06","modified_gmt":"2022-03-22T22:49:06","slug":"campus-de-setmana-santa-2022-gimnastica-o-parkour","status":"publish","type":"page","link":"http:\/\/www.gimnasticterrassa.cat\/?page_id=3011","title":{"rendered":"Campus de Setmana Santa 2022 &#8211; Gimn\u00e0stica o parkour"},"content":{"rendered":"\n<p>Organitzem un any m\u00e9s el nostre\u00a0tradicional <strong>Campus de Setmana Santa<\/strong>, per tal que les nenes i nens s\u00f2cies o no s\u00f2cies del club, puguin continuar fent activitat i gaudint de la gimn\u00e0stica aquests dies.<\/p>\n\n\n\n<p>Estrenem un doble format de campus, un de centrat especialment en la <strong>gimn\u00e0stica art\u00edstica<\/strong>, en el qual aquesta modalitat esdevindr\u00e0 el focus d&#8217;atenci\u00f3 principal, i un segon amb el <strong>parkour<\/strong> com a fil conductor.<\/p>\n\n\n\n<p>El\u00a0Campus\u00a0es dur\u00e0 a terme els dies 11, 12 i 13 d&#8217;abril en horari de 9 a 13:30 (amb flexibilitat en l&#8217;entrada i la sortida, en cas que sigui necessari), i el seu cost ser\u00e0, 39 \u20ac per a socis, 45 \u20ac per a no socis.<\/p>\n\n\n\n<p>Les activitats que s&#8217;hi duran a terme giraran al voltant de la gimn\u00e0stica, b\u00e9 introduint en aquest esport a qui el practiqui per primer cop, b\u00e9 perfeccionant els coneixement ja apresos, per als que ja fan gimn\u00e0stica habitualment al club.\u00a0No \u00e9s imprescindible inscriure&#8217;s al\u00a0campus\u00a0complet, pot ser per dies.\u00a0Els preus per dies seran 13\u20ac per socis i 15\u20ac per no socis.<\/p>\n\n\n\n<p>Us adjuntem el formulari d&#8217;inscripci\u00f3, per tal que l&#8217;empleneu si hi teniu inter\u00e8s.<\/p>\n\n\n\n<p><a href=\"https:\/\/docs.google.com\/forms\/d\/e\/1FAIpQLSfGOZAC3inG7P-FQ2AtW7dk4eDxMWX8TnA8RAOxTU9KlkRkZw\/viewform\">https:\/\/docs.google.com\/forms\/d\/e\/1FAIpQLSfGOZAC3inG7P-FQ2AtW7dk4eDxMWX8TnA8RAOxTU9KlkRkZw\/viewform<\/a><\/p>\n\n\n\n<p>Us animem a participar-hi!<\/p>\n\n\n\n<p>Us hi esperem!!&nbsp;<\/p>\n","protected":false},"excerpt":{"rendered":"<p>Organitzem un any m\u00e9s el nostre\u00a0tradicional Campus de Setmana Santa, per tal que les nenes i nens s\u00f2cies o no s\u00f2cies del club, puguin continuar fent activitat i gaudint de la gimn\u00e0stica aquests dies. Estrenem un doble format de campus, un de centrat especialment en la gimn\u00e0stica art\u00edstica, en el qual aquesta modalitat esdevindr\u00e0 el &hellip; <\/p>\n<p class=\"link-more\"><a href=\"http:\/\/www.gimnasticterrassa.cat\/?page_id=3011\" class=\"more-link\">Continua llegint <span class=\"screen-reader-text\">\u00abCampus de Setmana Santa 2022 &#8211; Gimn\u00e0stica o parkour\u00bb<\/span><\/a><\/p>\n","protected":false},"author":1,"featured_media":0,"parent":0,"menu_order":0,"comment_status":"closed","ping_status":"closed","template":"","meta":{"jetpack_post_was_ever_published":false,"footnotes":""},"jetpack_sharing_enabled":true,"jetpack_shortlink":"https:\/\/wp.me\/P5M9VU-Mz","_links":{"self":[{"href":"http:\/\/www.gimnasticterrassa.cat\/index.php?rest_route=\/wp\/v2\/pages\/3011"}],"collection":[{"href":"http:\/\/www.gimnasticterrassa.cat\/index.php?rest_route=\/wp\/v2\/pages"}],"about":[{"href":"http:\/\/www.gimnasticterrassa.cat\/index.php?rest_route=\/wp\/v2\/types\/page"}],"author":[{"embeddable":true,"href":"http:\/\/www.gimnasticterrassa.cat\/index.php?rest_route=\/wp\/v2\/users\/1"}],"replies":[{"embeddable":true,"href":"http:\/\/www.gimnasticterrassa.cat\/index.php?rest_route=%2Fwp%2Fv2%2Fcomments&post=3011"}],"version-history":[{"count":2,"href":"http:\/\/www.gimnasticterrassa.cat\/index.php?rest_route=\/wp\/v2\/pages\/3011\/revisions"}],"predecessor-version":[{"id":3013,"href":"http:\/\/www.gimnasticterrassa.cat\/index.php?rest_route=\/wp\/v2\/pages\/3011\/revisions\/3013"}],"wp:attachment":[{"href":"http:\/\/www.gimnasticterrassa.cat\/index.php?rest_route=%2Fwp%2Fv2%2Fmedia&parent=3011"}],"curies":[{"name":"wp","href":"https:\/\/api.w.org\/{rel}","templated":true}]}}

Campus de Setmana Santa 2022 &#8211; Gimnàstica o parkour

<p>Organitzem un any més el nostre tradicional <strong>Campus de Setmana Santa</strong>, per tal que les nenes i nens sòcies o no sòcies del club, puguin continuar fent activitat i gaudint de la gimnàstica aquests dies.</p>



<p>Estrenem un doble format de campus, un de centrat especialment en la <strong>gimnàstica artística</strong>, en el qual aquesta modalitat esdevindrà el focus d&#8217;atenció principal, i un segon amb el <strong>parkour</strong> com a fil conductor.</p>



<p>El Campus es durà a terme els dies 11, 12 i 13 d&#8217;abril en horari de 9 a 13:30 (amb flexibilitat en l&#8217;entrada i la sortida, en cas que sigui necessari), i el seu cost serà, 39 € per a socis, 45 € per a no socis.</p>



<p>Les activitats que s&#8217;hi duran a terme giraran al voltant de la gimnàstica, bé introduint en aquest esport a qui el practiqui per primer cop, bé perfeccionant els coneixement ja apresos, per als que ja fan gimnàstica habitualment al club. No és imprescindible inscriure&#8217;s al campus complet, pot ser per dies. Els preus per dies seran 13€ per socis i 15€ per no socis.</p>



<p>Us adjuntem el formulari d&#8217;inscripció, per tal que l&#8217;empleneu si hi teniu interès.</p>



<p><a href="https://docs.google.com/forms/d/e/1FAIpQLSfGOZAC3inG7P-FQ2AtW7dk4eDxMWX8TnA8RAOxTU9KlkRkZw/viewform">https://docs.google.com/forms/d/e/1FAIpQLSfGOZAC3inG7P-FQ2AtW7dk4eDxMWX8TnA8RAOxTU9KlkRkZw/viewform</a></p>



<p>Us animem a participar-hi!</p>



<p>Us hi esperem!!&nbsp;</p>

<p>Organitzem un any més el nostre tradicional Campus de Setmana Santa, per tal que les nenes i nens sòcies o no sòcies del club, puguin continuar fent activitat i gaudint de la gimnàstica aquests dies. Estrenem un doble format de campus, un de centrat especialment en la gimnàstica artística, en el qual aquesta modalitat esdevindrà el &hellip; </p>
<p class="link-more"><a href="http://www.gimnasticterrassa.cat/?page_id=3011" class="more-link">Continua llegint <span class="screen-reader-text">«Campus de Setmana Santa 2022 &#8211; Gimnàstica o parkour»</span></a></p>
