{"id":3241,"date":"2022-11-22T17:11:59","date_gmt":"2022-11-22T16:11:59","guid":{"rendered":"http:\/\/www.gimnasticterrassa.cat\/?page_id=3241"},"modified":"2022-11-22T17:12:01","modified_gmt":"2022-11-22T16:12:01","slug":"campus-de-nadal-2022","status":"publish","type":"page","link":"http:\/\/www.gimnasticterrassa.cat\/?page_id=3241","title":{"rendered":"Campus de Nadal 2022"},"content":{"rendered":"\n<figure class=\"wp-block-image size-large\"><img loading=\"lazy\" decoding=\"async\" width=\"819\" height=\"1024\" data-attachment-id=\"3243\" data-permalink=\"http:\/\/www.gimnasticterrassa.cat\/?attachment_id=3243\" data-orig-file=\"http:\/\/www.gimnasticterrassa.cat\/wp-content\/uploads\/2022\/11\/cartell_campus_nadal_2022-2.jpeg\" data-orig-size=\"1284,1605\" data-comments-opened=\"1\" data-image-meta=\"{&quot;aperture&quot;:&quot;0&quot;,&quot;credit&quot;:&quot;&quot;,&quot;camera&quot;:&quot;&quot;,&quot;caption&quot;:&quot;&quot;,&quot;created_timestamp&quot;:&quot;0&quot;,&quot;copyright&quot;:&quot;&quot;,&quot;focal_length&quot;:&quot;0&quot;,&quot;iso&quot;:&quot;0&quot;,&quot;shutter_speed&quot;:&quot;0&quot;,&quot;title&quot;:&quot;&quot;,&quot;orientation&quot;:&quot;0&quot;}\" data-image-title=\"cartell_campus_nadal_2022-2\" data-image-description=\"\" data-image-caption=\"\" data-medium-file=\"http:\/\/www.gimnasticterrassa.cat\/wp-content\/uploads\/2022\/11\/cartell_campus_nadal_2022-2-240x300.jpeg\" data-large-file=\"http:\/\/www.gimnasticterrassa.cat\/wp-content\/uploads\/2022\/11\/cartell_campus_nadal_2022-2-819x1024.jpeg\" src=\"http:\/\/www.gimnasticterrassa.cat\/wp-content\/uploads\/2022\/11\/cartell_campus_nadal_2022-2-819x1024.jpeg\" alt=\"\" class=\"wp-image-3243\" srcset=\"http:\/\/www.gimnasticterrassa.cat\/wp-content\/uploads\/2022\/11\/cartell_campus_nadal_2022-2-819x1024.jpeg 819w, http:\/\/www.gimnasticterrassa.cat\/wp-content\/uploads\/2022\/11\/cartell_campus_nadal_2022-2-240x300.jpeg 240w, http:\/\/www.gimnasticterrassa.cat\/wp-content\/uploads\/2022\/11\/cartell_campus_nadal_2022-2-768x960.jpeg 768w, http:\/\/www.gimnasticterrassa.cat\/wp-content\/uploads\/2022\/11\/cartell_campus_nadal_2022-2-1229x1536.jpeg 1229w, http:\/\/www.gimnasticterrassa.cat\/wp-content\/uploads\/2022\/11\/cartell_campus_nadal_2022-2.jpeg 1284w\" sizes=\"(max-width: 706px) 89vw, (max-width: 767px) 82vw, 740px\" \/><\/figure>\n\n\n\n<p>Us informem que enguany, com ja \u00e9s tradicional, amb motiu de les vacances de&nbsp;Nadal, el Club Gimn\u00e0stic Terrassa organitza el seu&nbsp;<strong>Campus&nbsp;de&nbsp;Nadal,&nbsp;<\/strong>per tal que les nenes i nens, noies i nois, s\u00f2cies o no del club, puguin continuar fent activitat i gaudint de la gimn\u00e0stica aquest dies.<\/p>\n\n\n\n<p>El&nbsp;Campus&nbsp;es dur\u00e0 a terme els dies 22, 23, 24, 27, 28, 29 i 30 de desembre i 2, 3, 4 i 5 de gener, en horaris de 9:00 A 13:30 (amb flexibilitat en l\u2019entrada i la sortida, en cas de que sigui necessari).<\/p>\n\n\n\n<p>Farem dues modalitats de campus, el tradicional de gimn\u00e0stica art\u00edstica, i com a novetat aquest any el de parkour.<\/p>\n\n\n\n<p>Tots dos campus tenen per objectiu la millora i perfeccionament dels aprenentatges assolits al llarg del curs, o el coneixement de noves t\u00e8cniques, combinat amb alguna altra activitat realitzada a les instal\u00b7lacions del club, per\u00f2 amb l\u2019objectiu principal de potenciar la pr\u00e0ctica de la gimn\u00e0stica i el parkour, que seran els eixos de cada campus.<\/p>\n\n\n\n<p>No \u00e9s imprescindible inscriure\u2019s al&nbsp;campus&nbsp;complet, pot ser per dies, at\u00e8s que els mateixos es troben repartits en setmanes diferents. El preu total del&nbsp;campus&nbsp;ser\u00e0 de 135\u20ac per a socis i de 155\u20ac per a no socis.<\/p>\n\n\n\n<p>En cas de tenir inter\u00e8s en&nbsp; fer el&nbsp;campus&nbsp;sencer, o fer-lo per dies determinats, ens haur\u00edeu d\u2019emplenar el formulari adjunt, tot i que el pagament no caldria fer-lo fins el comen\u00e7ament del mateix.<\/p>\n\n\n\n<p><a href=\"https:\/\/docs.google.com\/forms\/d\/e\/1FAIpQLSclbKsw0t-IB9pCBLU6H_wwVGz5VbFEhC6eeS99F6Jry6G4LA\/viewform\">https:\/\/docs.google.com\/forms\/d\/e\/1FAIpQLSclbKsw0t-IB9pCBLU6H_wwVGz5VbFEhC6eeS99F6Jry6G4LA\/viewform<\/a><\/p>\n","protected":false},"excerpt":{"rendered":"<p>Us informem que enguany, com ja \u00e9s tradicional, amb motiu de les vacances de&nbsp;Nadal, el Club Gimn\u00e0stic Terrassa organitza el seu&nbsp;Campus&nbsp;de&nbsp;Nadal,&nbsp;per tal que les nenes i nens, noies i nois, s\u00f2cies o no del club, puguin continuar fent activitat i gaudint de la gimn\u00e0stica aquest dies. El&nbsp;Campus&nbsp;es dur\u00e0 a terme els dies 22, 23, 24, &hellip; <\/p>\n<p class=\"link-more\"><a href=\"http:\/\/www.gimnasticterrassa.cat\/?page_id=3241\" class=\"more-link\">Continua llegint <span class=\"screen-reader-text\">\u00abCampus de Nadal 2022\u00bb<\/span><\/a><\/p>\n","protected":false},"author":1,"featured_media":0,"parent":0,"menu_order":0,"comment_status":"closed","ping_status":"closed","template":"","meta":{"jetpack_post_was_ever_published":false,"footnotes":""},"jetpack_sharing_enabled":true,"jetpack_shortlink":"https:\/\/wp.me\/P5M9VU-Qh","_links":{"self":[{"href":"http:\/\/www.gimnasticterrassa.cat\/index.php?rest_route=\/wp\/v2\/pages\/3241"}],"collection":[{"href":"http:\/\/www.gimnasticterrassa.cat\/index.php?rest_route=\/wp\/v2\/pages"}],"about":[{"href":"http:\/\/www.gimnasticterrassa.cat\/index.php?rest_route=\/wp\/v2\/types\/page"}],"author":[{"embeddable":true,"href":"http:\/\/www.gimnasticterrassa.cat\/index.php?rest_route=\/wp\/v2\/users\/1"}],"replies":[{"embeddable":true,"href":"http:\/\/www.gimnasticterrassa.cat\/index.php?rest_route=%2Fwp%2Fv2%2Fcomments&post=3241"}],"version-history":[{"count":3,"href":"http:\/\/www.gimnasticterrassa.cat\/index.php?rest_route=\/wp\/v2\/pages\/3241\/revisions"}],"predecessor-version":[{"id":3246,"href":"http:\/\/www.gimnasticterrassa.cat\/index.php?rest_route=\/wp\/v2\/pages\/3241\/revisions\/3246"}],"wp:attachment":[{"href":"http:\/\/www.gimnasticterrassa.cat\/index.php?rest_route=%2Fwp%2Fv2%2Fmedia&parent=3241"}],"curies":[{"name":"wp","href":"https:\/\/api.w.org\/{rel}","templated":true}]}}

<figure class="wp-block-image size-large"><img loading="lazy" decoding="async" width="819" height="1024" data-attachment-id="3243" data-permalink="http://www.gimnasticterrassa.cat/?attachment_id=3243" data-orig-file="http://www.gimnasticterrassa.cat/wp-content/uploads/2022/11/cartell_campus_nadal_2022-2.jpeg" data-orig-size="1284,1605" data-comments-opened="1" data-image-meta="{&quot;aperture&quot;:&quot;0&quot;,&quot;credit&quot;:&quot;&quot;,&quot;camera&quot;:&quot;&quot;,&quot;caption&quot;:&quot;&quot;,&quot;created_timestamp&quot;:&quot;0&quot;,&quot;copyright&quot;:&quot;&quot;,&quot;focal_length&quot;:&quot;0&quot;,&quot;iso&quot;:&quot;0&quot;,&quot;shutter_speed&quot;:&quot;0&quot;,&quot;title&quot;:&quot;&quot;,&quot;orientation&quot;:&quot;0&quot;}" data-image-title="cartell_campus_nadal_2022-2" data-image-description="" data-image-caption="" data-medium-file="http://www.gimnasticterrassa.cat/wp-content/uploads/2022/11/cartell_campus_nadal_2022-2-240x300.jpeg" data-large-file="http://www.gimnasticterrassa.cat/wp-content/uploads/2022/11/cartell_campus_nadal_2022-2-819x1024.jpeg" src="http://www.gimnasticterrassa.cat/wp-content/uploads/2022/11/cartell_campus_nadal_2022-2-819x1024.jpeg" alt="" class="wp-image-3243" srcset="http://www.gimnasticterrassa.cat/wp-content/uploads/2022/11/cartell_campus_nadal_2022-2-819x1024.jpeg 819w, http://www.gimnasticterrassa.cat/wp-content/uploads/2022/11/cartell_campus_nadal_2022-2-240x300.jpeg 240w, http://www.gimnasticterrassa.cat/wp-content/uploads/2022/11/cartell_campus_nadal_2022-2-768x960.jpeg 768w, http://www.gimnasticterrassa.cat/wp-content/uploads/2022/11/cartell_campus_nadal_2022-2-1229x1536.jpeg 1229w, http://www.gimnasticterrassa.cat/wp-content/uploads/2022/11/cartell_campus_nadal_2022-2.jpeg 1284w" sizes="(max-width: 706px) 89vw, (max-width: 767px) 82vw, 740px" /></figure>



<p>Us informem que enguany, com ja és tradicional, amb motiu de les vacances de&nbsp;Nadal, el Club Gimnàstic Terrassa organitza el seu&nbsp;<strong>Campus&nbsp;de&nbsp;Nadal,&nbsp;</strong>per tal que les nenes i nens, noies i nois, sòcies o no del club, puguin continuar fent activitat i gaudint de la gimnàstica aquest dies.</p>



<p>El&nbsp;Campus&nbsp;es durà a terme els dies 22, 23, 24, 27, 28, 29 i 30 de desembre i 2, 3, 4 i 5 de gener, en horaris de 9:00 A 13:30 (amb flexibilitat en l’entrada i la sortida, en cas de que sigui necessari).</p>



<p>Farem dues modalitats de campus, el tradicional de gimnàstica artística, i com a novetat aquest any el de parkour.</p>



<p>Tots dos campus tenen per objectiu la millora i perfeccionament dels aprenentatges assolits al llarg del curs, o el coneixement de noves tècniques, combinat amb alguna altra activitat realitzada a les instal·lacions del club, però amb l’objectiu principal de potenciar la pràctica de la gimnàstica i el parkour, que seran els eixos de cada campus.</p>



<p>No és imprescindible inscriure’s al&nbsp;campus&nbsp;complet, pot ser per dies, atès que els mateixos es troben repartits en setmanes diferents. El preu total del&nbsp;campus&nbsp;serà de 135€ per a socis i de 155€ per a no socis.</p>



<p>En cas de tenir interès en&nbsp; fer el&nbsp;campus&nbsp;sencer, o fer-lo per dies determinats, ens hauríeu d’emplenar el formulari adjunt, tot i que el pagament no caldria fer-lo fins el començament del mateix.</p>



<p><a href="https://docs.google.com/forms/d/e/1FAIpQLSclbKsw0t-IB9pCBLU6H_wwVGz5VbFEhC6eeS99F6Jry6G4LA/viewform">https://docs.google.com/forms/d/e/1FAIpQLSclbKsw0t-IB9pCBLU6H_wwVGz5VbFEhC6eeS99F6Jry6G4LA/viewform</a></p>

<p>Us informem que enguany, com ja és tradicional, amb motiu de les vacances de&nbsp;Nadal, el Club Gimnàstic Terrassa organitza el seu&nbsp;Campus&nbsp;de&nbsp;Nadal,&nbsp;per tal que les nenes i nens, noies i nois, sòcies o no del club, puguin continuar fent activitat i gaudint de la gimnàstica aquest dies. El&nbsp;Campus&nbsp;es durà a terme els dies 22, 23, 24, &hellip; </p>
<p class="link-more"><a href="http://www.gimnasticterrassa.cat/?page_id=3241" class="more-link">Continua llegint <span class="screen-reader-text">«Campus de Nadal 2022»</span></a></p>
