{"id":36,"date":"2014-12-24T15:38:52","date_gmt":"2014-12-24T15:38:52","guid":{"rendered":"http:\/\/lopezvict.wordpress.com\/?page_id=36"},"modified":"2017-12-17T22:54:31","modified_gmt":"2017-12-17T21:54:31","slug":"qui-som","status":"publish","type":"page","link":"http:\/\/www.gimnasticterrassa.cat\/?page_id=36","title":{"rendered":"QUI SOM"},"content":{"rendered":"<div>\n<p style=\"text-align: justify;\">El Club Gimn\u00e0stic Terrassa \u00e9s l&#8217;\u00fanic centre de Terrassa especialitzat en l&#8217;ensenyament de la <strong>Gimn\u00e0stica Art\u00edstica<\/strong> federada.<\/p>\n<\/div>\n<div>\n<p style=\"text-align: justify;\">Disposem d&#8217;un equip t\u00e8cnic altament qualificat, especialista en la gimn\u00e0stica, i que ens permet tenir nenes i nens en totes les categories i nivells de competici\u00f3, aix\u00ed com grups d&#8217;iniciaci\u00f3 que no competeixen.<\/p>\n<\/div>\n<p><a href=\"http:\/\/www.gimnasticterrassa.cat\/wp-content\/uploads\/2014\/12\/consell1012.jpg\"><img loading=\"lazy\" decoding=\"async\" data-attachment-id=\"226\" data-permalink=\"http:\/\/www.gimnasticterrassa.cat\/?attachment_id=226\" data-orig-file=\"http:\/\/www.gimnasticterrassa.cat\/wp-content\/uploads\/2014\/12\/consell1011.jpg\" data-orig-size=\"800,598\" data-comments-opened=\"1\" data-image-meta=\"{&quot;aperture&quot;:&quot;0&quot;,&quot;credit&quot;:&quot;&quot;,&quot;camera&quot;:&quot;&quot;,&quot;caption&quot;:&quot;&quot;,&quot;created_timestamp&quot;:&quot;0&quot;,&quot;copyright&quot;:&quot;&quot;,&quot;focal_length&quot;:&quot;0&quot;,&quot;iso&quot;:&quot;0&quot;,&quot;shutter_speed&quot;:&quot;0&quot;,&quot;title&quot;:&quot;&quot;,&quot;orientation&quot;:&quot;1&quot;}\" data-image-title=\"CONSELL10\" data-image-description=\"\" data-image-caption=\"\" data-medium-file=\"http:\/\/www.gimnasticterrassa.cat\/wp-content\/uploads\/2014\/12\/consell1011-300x224.jpg\" data-large-file=\"http:\/\/www.gimnasticterrassa.cat\/wp-content\/uploads\/2014\/12\/consell1011.jpg\" class=\"wp-image-226 alignleft\" src=\"http:\/\/www.gimnasticterrassa.cat\/wp-content\/uploads\/2014\/12\/consell1012.jpg\" alt=\"CONSELL10\" width=\"509\" height=\"380\" \/><\/a><\/p>\n<div>\n<p style=\"text-align: justify;\">En el club tenim nens i nenes a partir de 3 anys, fent baby-gym. A partir dels 5 anys ja poden entrar en grups preparatoris de competici\u00f3, i a partir dels 6 ja poden comen\u00e7ar a competir en els nivells m\u00e9s b\u00e0sics.<\/p>\n<p style=\"text-align: justify;\">La introducci\u00f3 en la gimn\u00e0stica, per\u00f2, es pot fer en qualsevol edat i adre\u00e7at a qualsevol nivell d&#8217;intensitat i dificultat, sense que impliqui haver de competir.<\/p>\n<\/div>\n","protected":false},"excerpt":{"rendered":"<p>El Club Gimn\u00e0stic Terrassa \u00e9s l&#8217;\u00fanic centre de Terrassa especialitzat en l&#8217;ensenyament de la Gimn\u00e0stica Art\u00edstica federada. Disposem d&#8217;un equip t\u00e8cnic altament qualificat, especialista en la gimn\u00e0stica, i que ens permet tenir nenes i nens en totes les categories i nivells de competici\u00f3, aix\u00ed com grups d&#8217;iniciaci\u00f3 que no competeixen. En el club tenim nens &hellip; <\/p>\n<p class=\"link-more\"><a href=\"http:\/\/www.gimnasticterrassa.cat\/?page_id=36\" class=\"more-link\">Continua llegint <span class=\"screen-reader-text\">\u00abQUI SOM\u00bb<\/span><\/a><\/p>\n","protected":false},"author":1,"featured_media":0,"parent":0,"menu_order":0,"comment_status":"closed","ping_status":"closed","template":"page-templates\/front-page.php","meta":{"jetpack_post_was_ever_published":false,"footnotes":""},"jetpack_sharing_enabled":false,"jetpack_shortlink":"https:\/\/wp.me\/P5M9VU-A","_links":{"self":[{"href":"http:\/\/www.gimnasticterrassa.cat\/index.php?rest_route=\/wp\/v2\/pages\/36"}],"collection":[{"href":"http:\/\/www.gimnasticterrassa.cat\/index.php?rest_route=\/wp\/v2\/pages"}],"about":[{"href":"http:\/\/www.gimnasticterrassa.cat\/index.php?rest_route=\/wp\/v2\/types\/page"}],"author":[{"embeddable":true,"href":"http:\/\/www.gimnasticterrassa.cat\/index.php?rest_route=\/wp\/v2\/users\/1"}],"replies":[{"embeddable":true,"href":"http:\/\/www.gimnasticterrassa.cat\/index.php?rest_route=%2Fwp%2Fv2%2Fcomments&post=36"}],"version-history":[{"count":7,"href":"http:\/\/www.gimnasticterrassa.cat\/index.php?rest_route=\/wp\/v2\/pages\/36\/revisions"}],"predecessor-version":[{"id":1967,"href":"http:\/\/www.gimnasticterrassa.cat\/index.php?rest_route=\/wp\/v2\/pages\/36\/revisions\/1967"}],"wp:attachment":[{"href":"http:\/\/www.gimnasticterrassa.cat\/index.php?rest_route=%2Fwp%2Fv2%2Fmedia&parent=36"}],"curies":[{"name":"wp","href":"https:\/\/api.w.org\/{rel}","templated":true}]}}

<div>
<p style="text-align: justify;">El Club Gimnàstic Terrassa és l&#8217;únic centre de Terrassa especialitzat en l&#8217;ensenyament de la <strong>Gimnàstica Artística</strong> federada.</p>
</div>
<div>
<p style="text-align: justify;">Disposem d&#8217;un equip tècnic altament qualificat, especialista en la gimnàstica, i que ens permet tenir nenes i nens en totes les categories i nivells de competició, així com grups d&#8217;iniciació que no competeixen.</p>
</div>
<p><a href="http://www.gimnasticterrassa.cat/wp-content/uploads/2014/12/consell1012.jpg"><img loading="lazy" decoding="async" data-attachment-id="226" data-permalink="http://www.gimnasticterrassa.cat/?attachment_id=226" data-orig-file="http://www.gimnasticterrassa.cat/wp-content/uploads/2014/12/consell1011.jpg" data-orig-size="800,598" data-comments-opened="1" data-image-meta="{&quot;aperture&quot;:&quot;0&quot;,&quot;credit&quot;:&quot;&quot;,&quot;camera&quot;:&quot;&quot;,&quot;caption&quot;:&quot;&quot;,&quot;created_timestamp&quot;:&quot;0&quot;,&quot;copyright&quot;:&quot;&quot;,&quot;focal_length&quot;:&quot;0&quot;,&quot;iso&quot;:&quot;0&quot;,&quot;shutter_speed&quot;:&quot;0&quot;,&quot;title&quot;:&quot;&quot;,&quot;orientation&quot;:&quot;1&quot;}" data-image-title="CONSELL10" data-image-description="" data-image-caption="" data-medium-file="http://www.gimnasticterrassa.cat/wp-content/uploads/2014/12/consell1011-300x224.jpg" data-large-file="http://www.gimnasticterrassa.cat/wp-content/uploads/2014/12/consell1011.jpg" class="wp-image-226 alignleft" src="http://www.gimnasticterrassa.cat/wp-content/uploads/2014/12/consell1012.jpg" alt="CONSELL10" width="509" height="380" /></a></p>
<div>
<p style="text-align: justify;">En el club tenim nens i nenes a partir de 3 anys, fent baby-gym. A partir dels 5 anys ja poden entrar en grups preparatoris de competició, i a partir dels 6 ja poden començar a competir en els nivells més bàsics.</p>
<p style="text-align: justify;">La introducció en la gimnàstica, però, es pot fer en qualsevol edat i adreçat a qualsevol nivell d&#8217;intensitat i dificultat, sense que impliqui haver de competir.</p>
</div>

<p>El Club Gimnàstic Terrassa és l&#8217;únic centre de Terrassa especialitzat en l&#8217;ensenyament de la Gimnàstica Artística federada. Disposem d&#8217;un equip tècnic altament qualificat, especialista en la gimnàstica, i que ens permet tenir nenes i nens en totes les categories i nivells de competició, així com grups d&#8217;iniciació que no competeixen. En el club tenim nens &hellip; </p>
<p class="link-more"><a href="http://www.gimnasticterrassa.cat/?page_id=36" class="more-link">Continua llegint <span class="screen-reader-text">«QUI SOM»</span></a></p>
