{"id":2654,"date":"2020-12-14T18:52:01","date_gmt":"2020-12-14T17:52:01","guid":{"rendered":"http:\/\/www.gimnasticterrassa.cat\/?page_id=2654"},"modified":"2020-12-14T19:43:41","modified_gmt":"2020-12-14T18:43:41","slug":"campus-de-nadal-2020","status":"publish","type":"page","link":"https:\/\/www.gimnasticterrassa.cat\/?page_id=2654","title":{"rendered":"Campus de Nadal 2020"},"content":{"rendered":"\n<p>Us informem que enguany, com ja \u00e9s tradicional, i per primer cop al nou pavell\u00f3, amb motiu de les vacances de&nbsp;Nadal, el Club Gimn\u00e0stic Terrassa organitza el seu&nbsp;<strong>Campus&nbsp;de&nbsp;Nadal,&nbsp;<\/strong>per tal que les nenes i nens, noies i nois, s\u00f2cies o no del club, puguin continuar fent activitat i gaudint de la gimn\u00e0stica aquest dies.<\/p>\n\n\n\n<p>El&nbsp;Campus&nbsp;es dur\u00e0 a terme els dies 22, 23, 24, 28, 29, 30 i 31 de desembre i 4, 5 i 7 de gener, en horaris de 9:00 A 13:30 (amb flexibilitat en l\u2019entrada i la sortida, en cas de que sigui necessari).<\/p>\n\n\n\n<p>El&nbsp;campus&nbsp;girar\u00e0 principalment al voltant de la gimn\u00e0stica art\u00edstica, amb la millora i perfeccionament dels aprenentatges assolits al llarg del curs, o coneixent noves t\u00e8cniques, combinat amb alguna altra activitat realitzada a les instal\u00b7lacions del club, per\u00f2 amb l&#8217;objectiu principal de potenciar la pr\u00e0ctica de la gimn\u00e0stica.<\/p>\n\n\n\n<p>No \u00e9s imprescindible inscriure\u2019s al&nbsp;campus&nbsp;complet, pot ser per dies, at\u00e8s que els mateixos es troben repartits en setmanes diferents. El preu total del&nbsp;campus&nbsp;ser\u00e0 de 110\u20ac per a socis i de 125\u20ac per a no socis.<\/p>\n\n\n\n<p>En cas de tenir inter\u00e8s en&nbsp; fer el&nbsp;campus&nbsp;sencer, o fer-lo per dies determinats, ens haur\u00edeu d&#8217;emplenar el formulari adjunt, tot i que el pagament no caldria fer-lo fins el comen\u00e7ament del mateix.<\/p>\n\n\n\n<p><a href=\"https:\/\/docs.google.com\/forms\/d\/e\/1FAIpQLSdjPukem6vbTPK6kze_K9XHS0zKs5vXNd5wDUN7SFxhDTBkLg\/viewform\">https:\/\/docs.google.com\/forms\/d\/e\/1FAIpQLSdjPukem6vbTPK6kze_K9XHS0zKs5vXNd5wDUN7SFxhDTBkLg\/viewform<\/a><\/p>\n\n\n\n<p>De la mateixa manera, els imports de&nbsp;campus&nbsp;es poden compensar amb les quotes que vam girar al novembre i que vam haver de tancar per les restriccions derivades de la Covid. Ens ho haur\u00edeu d&#8217;indicar en el camp d&#8217;observacions del formulari<\/p>\n\n\n\n<p>Us hi esperem!!&nbsp;<\/p>\n","protected":false},"excerpt":{"rendered":"<p>Us informem que enguany, com ja \u00e9s tradicional, i per primer cop al nou pavell\u00f3, amb motiu de les vacances de&nbsp;Nadal, el Club Gimn\u00e0stic Terrassa organitza el seu&nbsp;Campus&nbsp;de&nbsp;Nadal,&nbsp;per tal que les nenes i nens, noies i nois, s\u00f2cies o no del club, puguin continuar fent activitat i gaudint de la gimn\u00e0stica aquest dies. El&nbsp;Campus&nbsp;es dur\u00e0 &hellip; <\/p>\n<p class=\"link-more\"><a href=\"https:\/\/www.gimnasticterrassa.cat\/?page_id=2654\" class=\"more-link\">Continua llegint <span class=\"screen-reader-text\">\u00abCampus de Nadal 2020\u00bb<\/span><\/a><\/p>\n","protected":false},"author":1,"featured_media":0,"parent":0,"menu_order":0,"comment_status":"closed","ping_status":"closed","template":"","meta":{"jetpack_post_was_ever_published":false,"footnotes":""},"jetpack_sharing_enabled":true,"jetpack_shortlink":"https:\/\/wp.me\/P5M9VU-GO","_links":{"self":[{"href":"https:\/\/www.gimnasticterrassa.cat\/index.php?rest_route=\/wp\/v2\/pages\/2654"}],"collection":[{"href":"https:\/\/www.gimnasticterrassa.cat\/index.php?rest_route=\/wp\/v2\/pages"}],"about":[{"href":"https:\/\/www.gimnasticterrassa.cat\/index.php?rest_route=\/wp\/v2\/types\/page"}],"author":[{"embeddable":true,"href":"https:\/\/www.gimnasticterrassa.cat\/index.php?rest_route=\/wp\/v2\/users\/1"}],"replies":[{"embeddable":true,"href":"https:\/\/www.gimnasticterrassa.cat\/index.php?rest_route=%2Fwp%2Fv2%2Fcomments&post=2654"}],"version-history":[{"count":2,"href":"https:\/\/www.gimnasticterrassa.cat\/index.php?rest_route=\/wp\/v2\/pages\/2654\/revisions"}],"predecessor-version":[{"id":2658,"href":"https:\/\/www.gimnasticterrassa.cat\/index.php?rest_route=\/wp\/v2\/pages\/2654\/revisions\/2658"}],"wp:attachment":[{"href":"https:\/\/www.gimnasticterrassa.cat\/index.php?rest_route=%2Fwp%2Fv2%2Fmedia&parent=2654"}],"curies":[{"name":"wp","href":"https:\/\/api.w.org\/{rel}","templated":true}]}}

<p>Us informem que enguany, com ja és tradicional, i per primer cop al nou pavelló, amb motiu de les vacances de&nbsp;Nadal, el Club Gimnàstic Terrassa organitza el seu&nbsp;<strong>Campus&nbsp;de&nbsp;Nadal,&nbsp;</strong>per tal que les nenes i nens, noies i nois, sòcies o no del club, puguin continuar fent activitat i gaudint de la gimnàstica aquest dies.</p>



<p>El&nbsp;Campus&nbsp;es durà a terme els dies 22, 23, 24, 28, 29, 30 i 31 de desembre i 4, 5 i 7 de gener, en horaris de 9:00 A 13:30 (amb flexibilitat en l’entrada i la sortida, en cas de que sigui necessari).</p>



<p>El&nbsp;campus&nbsp;girarà principalment al voltant de la gimnàstica artística, amb la millora i perfeccionament dels aprenentatges assolits al llarg del curs, o coneixent noves tècniques, combinat amb alguna altra activitat realitzada a les instal·lacions del club, però amb l&#8217;objectiu principal de potenciar la pràctica de la gimnàstica.</p>



<p>No és imprescindible inscriure’s al&nbsp;campus&nbsp;complet, pot ser per dies, atès que els mateixos es troben repartits en setmanes diferents. El preu total del&nbsp;campus&nbsp;serà de 110€ per a socis i de 125€ per a no socis.</p>



<p>En cas de tenir interès en&nbsp; fer el&nbsp;campus&nbsp;sencer, o fer-lo per dies determinats, ens hauríeu d&#8217;emplenar el formulari adjunt, tot i que el pagament no caldria fer-lo fins el començament del mateix.</p>



<p><a href="https://docs.google.com/forms/d/e/1FAIpQLSdjPukem6vbTPK6kze_K9XHS0zKs5vXNd5wDUN7SFxhDTBkLg/viewform">https://docs.google.com/forms/d/e/1FAIpQLSdjPukem6vbTPK6kze_K9XHS0zKs5vXNd5wDUN7SFxhDTBkLg/viewform</a></p>



<p>De la mateixa manera, els imports de&nbsp;campus&nbsp;es poden compensar amb les quotes que vam girar al novembre i que vam haver de tancar per les restriccions derivades de la Covid. Ens ho hauríeu d&#8217;indicar en el camp d&#8217;observacions del formulari</p>



<p>Us hi esperem!!&nbsp;</p>

<p>Us informem que enguany, com ja és tradicional, i per primer cop al nou pavelló, amb motiu de les vacances de&nbsp;Nadal, el Club Gimnàstic Terrassa organitza el seu&nbsp;Campus&nbsp;de&nbsp;Nadal,&nbsp;per tal que les nenes i nens, noies i nois, sòcies o no del club, puguin continuar fent activitat i gaudint de la gimnàstica aquest dies. El&nbsp;Campus&nbsp;es durà &hellip; </p>
<p class="link-more"><a href="https://www.gimnasticterrassa.cat/?page_id=2654" class="more-link">Continua llegint <span class="screen-reader-text">«Campus de Nadal 2020»</span></a></p>
