{"id":2772,"date":"2021-05-03T16:20:32","date_gmt":"2021-05-03T15:20:32","guid":{"rendered":"http:\/\/www.gimnasticterrassa.cat\/?page_id=2772"},"modified":"2021-05-03T16:22:04","modified_gmt":"2021-05-03T15:22:04","slug":"campus-destiu-2021","status":"publish","type":"page","link":"https:\/\/www.gimnasticterrassa.cat\/?page_id=2772","title":{"rendered":"Campus d&#8217;estiu 2021"},"content":{"rendered":"\n<p>Despr\u00e9s d&#8217;un any 2020 en que vam dur a terme un campus d&#8217;estiu de format redu\u00eft, obrim el campus d&#8217;estiu 2021 en les nostres noves instal\u00b7lacions del Bon Aire, amb un nou plantejament i amb la m\u00e0xima il\u00b7lusi\u00f3.<\/p>\n\n\n\n<p>Les instal\u00b7lacions del Bon Aire s\u00f3n un marc \u00fanic per desenvolupar la pr\u00e0ctica esportiva, amb la gimn\u00e0stica com a eix central, i amb moltes altres activitats aprofitant el nostre entorn, que us expliquem tot seguit<\/p>\n\n\n\n<p>Com ja hem fet en anys anteriors us oferim una doble oferta de campus, el centrat espec\u00edficament en la gimn\u00e0stica i el que incorpora&nbsp;altres activitats esportives i l\u00fadiques, el campus esportiu.<\/p>\n\n\n\n<p>El&nbsp;<strong>CAMPUS&nbsp;DE GIMN\u00c0STICA<\/strong>, girar\u00e0 de forma gaireb\u00e9 completa al voltant de la&nbsp;<strong>gimn\u00e0stica art\u00edstica<\/strong>, amb&nbsp;3 a&nbsp;4 hores di\u00e0ries, sota la supervisi\u00f3 de la nostra directora Llu\u00efsa Sierra i l\u2019equip t\u00e8cnic, les quals s&#8217;encarregaran&nbsp;d&#8217;ajudar les gimnastes inscrites a millorar i treure un major rendiment de la seva activitat, sense oblidar la part l\u00fadica, doncs la piscina del nostre poliesportiu ens permet gaudir-ne al llarg de tot el campus i els espais exterior ofereixen molts recursos, tant dins com fora del poliesportiu.<\/p>\n\n\n\n<p>Pel qu\u00e8 fa al&nbsp;<strong>CAMPUS&nbsp;ESPORTIU<\/strong>, mantenim la&nbsp;<strong>gimn\u00e0stica&nbsp;<\/strong>com a activitat troncal i eix vertebrador del club, per tal que totes i tots els participants puguin gaudir-ne, en nivells m\u00e9s b\u00e0sics, complementats per altres activitats esportives i l\u00fadiques.<\/p>\n\n\n\n<p>Entre les diverses activitats que durem a terme tindrem:<\/p>\n\n\n\n<p>&nbsp;&#8211; Els banys a la piscina del poliesportiu, que us concretarem quan estigui tancat el calendari de la mateixa<\/p>\n\n\n\n<p>&nbsp;&#8211; La possibilitat de realitzar altres activitats esportives dins del mateix poliesportiu com poden ser el parkour, esports de pilota i d&#8217;altres.- Sortides a l&#8217;entorn immediat de l&#8217;anella verda, que tenim a tocar i val la pena descobrir<\/p>\n\n\n\n<p>&#8211; Optativament, prepararem alguna sortida de car\u00e0cter m\u00e9s l\u00fadic en algun espai de lleure de la ciutat, que concretarem pr\u00f2ximament. Tamb\u00e9 us informarem si pot suposar algun cost addicional.<\/p>\n\n\n\n<p>El&nbsp;<strong>Campus<\/strong>&nbsp;constar\u00e0 de dues fases, una primera del 23 de juny al 30 de juliol, i una segona del 30 d&#8217;agost al 10 de setembre. Els horaris seran de 9 del mat\u00ed a 17:00, o la possibilitat de fer nom\u00e9s matins (de 9:00 a 13:30) o tardes (de 15:30 a 17:00) incloent o no dinar (de 13:30 a 15:30).&nbsp;El&nbsp;campus&nbsp;de setembre es desenvolupar\u00e0 nom\u00e9s en horari de matins. Estem avaluant la possibilitat de fer alguna setmana d&#8217;agost, com l&#8217;any passat, tot i que pot anar en funci\u00f3 de la demanda que hi pugui haver.<\/p>\n\n\n\n<p>Els dinars del migdia els servir\u00e0 el restaurant del poliesportiu, el Badoc, de manera que ser\u00e0 m\u00e9s c\u00f2mode i m\u00e9s segur, en el marc de pand\u00e8mia en que encara ens trobem. Aix\u00f2 encareix una mica el preu respecte edicions anteriors, per\u00f2 ens d\u00f3na m\u00e9s tranquilitat i garanties en el compliment de les mesures sanit\u00e0ries i de seguretat.<\/p>\n\n\n\n<p><strong>Els preus del\u00a0campus\u00a0seran els seg\u00fcents:<\/strong><\/p>\n\n\n\n<figure class=\"wp-block-table is-style-stripes\"><table class=\"has-fixed-layout\"><tbody><tr><td><\/td><td>SETMANA LLARGA<\/td><td><\/td><td>SETMANA CURTA<\/td><td><\/td><\/tr><tr><td><\/td><td>NO SOCI<\/td><td>SOCI<\/td><td>NO SOCI<\/td><td>SOCI<\/td><\/tr><tr><td>SETMANA COMPLET<\/td><td>93,00 \u20ac<\/td><td>82,00 \u20ac<\/td><td>74,00 \u20ac<\/td><td>65,00 \u20ac<\/td><\/tr><tr><td>SETMANA MATI<\/td><td>71,00 \u20ac<\/td><td>62,00 \u20ac<\/td><td>56,00 \u20ac<\/td><td>49,00 \u20ac<\/td><\/tr><tr><td>SETMANA TARDA<\/td><td>28,00 \u20ac<\/td><td>23,00 \u20ac<\/td><td>22,00 \u20ac<\/td><td>18,00 \u20ac<\/td><\/tr><tr><td><\/td><td><\/td><td><\/td><td><\/td><td><\/td><\/tr><tr><td>DINAR*<\/td><td>47,50 \u20ac<\/td><td>47,50 \u20ac<\/td><td>38,00 \u20ac<\/td><td>38,00 \u20ac<\/td><\/tr><\/tbody><\/table><\/figure>\n\n\n\n<figure class=\"wp-block-table is-style-stripes\"><table class=\"has-fixed-layout\"><tbody><tr><td><\/td><td>DESCOMPTES<\/td><\/tr><tr><td>3-4 SETMANES<\/td><td>5%<\/td><\/tr><tr><td>MES DE 4 SETMANES<\/td><td>10%<\/td><\/tr><tr><td>CAMPUS COMPLET<\/td><td>15%<\/td><\/tr><\/tbody><\/table><\/figure>\n\n\n\n<div class=\"wp-block-group is-layout-flow wp-block-group-is-layout-flow\"><div class=\"wp-block-group__inner-container\"><\/div><\/div>\n\n\n\n<div class=\"wp-block-group is-layout-flow wp-block-group-is-layout-flow\"><div class=\"wp-block-group__inner-container\"><\/div><\/div>\n\n\n\n<p>&nbsp;* Els dinars no tenen descompte&nbsp;&nbsp;<\/p>\n\n\n\n<p><strong>Els germans tenen un 10% de descompte addicional<\/strong><\/p>\n\n\n\n<p>El plantejament de campus d&#8217;estiu el fem comptant que les restriccions s\u00f3n les que tenim a hores d&#8217;ara. Qualsevol mesura restrictiva addicional per pugui dictar el Govern i es pugui produir en el decurs del campus (que esperem que no es produeixi) pot limitar alguna de les activitats previstes, la qual cosa us fariem saber de seguida.<\/p>\n\n\n\n<p>D&#8217;altra banda contemplem la possibilitat d&#8217;obrir alguna setmana d&#8217;agost, si hi ha prou demanda. Habitualment l&#8217;agost \u00e9s un mes en que el club roman tancat, per\u00f2 les circumst\u00e0ncies que ens envolten i amb l&#8217;objectiu de donar-vos servei, volem valorar la possibilitat d&#8217;obrir, si ho necessiteu.<\/p>\n\n\n\n<p>Us adjuntem un formulari per tal que pugueu fer la reserva&nbsp;de la inscripci\u00f3. La formalitzaci\u00f3 de la mateixa la far\u00edem a mitjans de maig, amb el cobrament d&#8217;un m\u00ednim del 20% de l&#8217;import, i el cobrament de la quantitat restant es faria abans de l&#8217;inici del campus.<\/p>\n\n\n\n<p><a href=\"https:\/\/docs.google.com\/forms\/d\/e\/1FAIpQLSdFHed4pSIzp3po6uQL-gSWnIDekA9uvVHAuXWMOUrLQiAErw\/viewform\">https:\/\/docs.google.com\/forms\/d\/e\/1FAIpQLSdFHed4pSIzp3po6uQL-gSWnIDekA9uvVHAuXWMOUrLQiAErw\/viewform<\/a><\/p>\n\n\n\n<p>En pr\u00f2ximes setmanes us anirem informant del calendari d&#8217;activitats&nbsp;definitiu.<\/p>\n","protected":false},"excerpt":{"rendered":"<p>Despr\u00e9s d&#8217;un any 2020 en que vam dur a terme un campus d&#8217;estiu de format redu\u00eft, obrim el campus d&#8217;estiu 2021 en les nostres noves instal\u00b7lacions del Bon Aire, amb un nou plantejament i amb la m\u00e0xima il\u00b7lusi\u00f3. Les instal\u00b7lacions del Bon Aire s\u00f3n un marc \u00fanic per desenvolupar la pr\u00e0ctica esportiva, amb la gimn\u00e0stica &hellip; <\/p>\n<p class=\"link-more\"><a href=\"https:\/\/www.gimnasticterrassa.cat\/?page_id=2772\" class=\"more-link\">Continua llegint <span class=\"screen-reader-text\">\u00abCampus d&#8217;estiu 2021\u00bb<\/span><\/a><\/p>\n","protected":false},"author":1,"featured_media":0,"parent":0,"menu_order":0,"comment_status":"closed","ping_status":"closed","template":"","meta":{"jetpack_post_was_ever_published":false,"footnotes":""},"jetpack_sharing_enabled":true,"jetpack_shortlink":"https:\/\/wp.me\/P5M9VU-II","_links":{"self":[{"href":"https:\/\/www.gimnasticterrassa.cat\/index.php?rest_route=\/wp\/v2\/pages\/2772"}],"collection":[{"href":"https:\/\/www.gimnasticterrassa.cat\/index.php?rest_route=\/wp\/v2\/pages"}],"about":[{"href":"https:\/\/www.gimnasticterrassa.cat\/index.php?rest_route=\/wp\/v2\/types\/page"}],"author":[{"embeddable":true,"href":"https:\/\/www.gimnasticterrassa.cat\/index.php?rest_route=\/wp\/v2\/users\/1"}],"replies":[{"embeddable":true,"href":"https:\/\/www.gimnasticterrassa.cat\/index.php?rest_route=%2Fwp%2Fv2%2Fcomments&post=2772"}],"version-history":[{"count":9,"href":"https:\/\/www.gimnasticterrassa.cat\/index.php?rest_route=\/wp\/v2\/pages\/2772\/revisions"}],"predecessor-version":[{"id":3033,"href":"https:\/\/www.gimnasticterrassa.cat\/index.php?rest_route=\/wp\/v2\/pages\/2772\/revisions\/3033"}],"wp:attachment":[{"href":"https:\/\/www.gimnasticterrassa.cat\/index.php?rest_route=%2Fwp%2Fv2%2Fmedia&parent=2772"}],"curies":[{"name":"wp","href":"https:\/\/api.w.org\/{rel}","templated":true}]}}

<p>Després d&#8217;un any 2020 en que vam dur a terme un campus d&#8217;estiu de format reduït, obrim el campus d&#8217;estiu 2021 en les nostres noves instal·lacions del Bon Aire, amb un nou plantejament i amb la màxima il·lusió.</p>



<p>Les instal·lacions del Bon Aire són un marc únic per desenvolupar la pràctica esportiva, amb la gimnàstica com a eix central, i amb moltes altres activitats aprofitant el nostre entorn, que us expliquem tot seguit</p>



<p>Com ja hem fet en anys anteriors us oferim una doble oferta de campus, el centrat específicament en la gimnàstica i el que incorpora&nbsp;altres activitats esportives i lúdiques, el campus esportiu.</p>



<p>El&nbsp;<strong>CAMPUS&nbsp;DE GIMNÀSTICA</strong>, girarà de forma gairebé completa al voltant de la&nbsp;<strong>gimnàstica artística</strong>, amb&nbsp;3 a&nbsp;4 hores diàries, sota la supervisió de la nostra directora Lluïsa Sierra i l’equip tècnic, les quals s&#8217;encarregaran&nbsp;d&#8217;ajudar les gimnastes inscrites a millorar i treure un major rendiment de la seva activitat, sense oblidar la part lúdica, doncs la piscina del nostre poliesportiu ens permet gaudir-ne al llarg de tot el campus i els espais exterior ofereixen molts recursos, tant dins com fora del poliesportiu.</p>



<p>Pel què fa al&nbsp;<strong>CAMPUS&nbsp;ESPORTIU</strong>, mantenim la&nbsp;<strong>gimnàstica&nbsp;</strong>com a activitat troncal i eix vertebrador del club, per tal que totes i tots els participants puguin gaudir-ne, en nivells més bàsics, complementats per altres activitats esportives i lúdiques.</p>



<p>Entre les diverses activitats que durem a terme tindrem:</p>



<p>&nbsp;&#8211; Els banys a la piscina del poliesportiu, que us concretarem quan estigui tancat el calendari de la mateixa</p>



<p>&nbsp;&#8211; La possibilitat de realitzar altres activitats esportives dins del mateix poliesportiu com poden ser el parkour, esports de pilota i d&#8217;altres.- Sortides a l&#8217;entorn immediat de l&#8217;anella verda, que tenim a tocar i val la pena descobrir</p>



<p>&#8211; Optativament, prepararem alguna sortida de caràcter més lúdic en algun espai de lleure de la ciutat, que concretarem pròximament. També us informarem si pot suposar algun cost addicional.</p>



<p>El&nbsp;<strong>Campus</strong>&nbsp;constarà de dues fases, una primera del 23 de juny al 30 de juliol, i una segona del 30 d&#8217;agost al 10 de setembre. Els horaris seran de 9 del matí a 17:00, o la possibilitat de fer només matins (de 9:00 a 13:30) o tardes (de 15:30 a 17:00) incloent o no dinar (de 13:30 a 15:30).&nbsp;El&nbsp;campus&nbsp;de setembre es desenvoluparà només en horari de matins. Estem avaluant la possibilitat de fer alguna setmana d&#8217;agost, com l&#8217;any passat, tot i que pot anar en funció de la demanda que hi pugui haver.</p>



<p>Els dinars del migdia els servirà el restaurant del poliesportiu, el Badoc, de manera que serà més còmode i més segur, en el marc de pandèmia en que encara ens trobem. Això encareix una mica el preu respecte edicions anteriors, però ens dóna més tranquilitat i garanties en el compliment de les mesures sanitàries i de seguretat.</p>



<p><strong>Els preus del campus seran els següents:</strong></p>



<figure class="wp-block-table is-style-stripes"><table class="has-fixed-layout"><tbody><tr><td></td><td>SETMANA LLARGA</td><td></td><td>SETMANA CURTA</td><td></td></tr><tr><td></td><td>NO SOCI</td><td>SOCI</td><td>NO SOCI</td><td>SOCI</td></tr><tr><td>SETMANA COMPLET</td><td>93,00 €</td><td>82,00 €</td><td>74,00 €</td><td>65,00 €</td></tr><tr><td>SETMANA MATI</td><td>71,00 €</td><td>62,00 €</td><td>56,00 €</td><td>49,00 €</td></tr><tr><td>SETMANA TARDA</td><td>28,00 €</td><td>23,00 €</td><td>22,00 €</td><td>18,00 €</td></tr><tr><td></td><td></td><td></td><td></td><td></td></tr><tr><td>DINAR*</td><td>47,50 €</td><td>47,50 €</td><td>38,00 €</td><td>38,00 €</td></tr></tbody></table></figure>



<figure class="wp-block-table is-style-stripes"><table class="has-fixed-layout"><tbody><tr><td></td><td>DESCOMPTES</td></tr><tr><td>3-4 SETMANES</td><td>5%</td></tr><tr><td>MES DE 4 SETMANES</td><td>10%</td></tr><tr><td>CAMPUS COMPLET</td><td>15%</td></tr></tbody></table></figure>



<div class="wp-block-group is-layout-flow wp-block-group-is-layout-flow"><div class="wp-block-group__inner-container"></div></div>



<div class="wp-block-group is-layout-flow wp-block-group-is-layout-flow"><div class="wp-block-group__inner-container"></div></div>



<p>&nbsp;* Els dinars no tenen descompte&nbsp;&nbsp;</p>



<p><strong>Els germans tenen un 10% de descompte addicional</strong></p>



<p>El plantejament de campus d&#8217;estiu el fem comptant que les restriccions són les que tenim a hores d&#8217;ara. Qualsevol mesura restrictiva addicional per pugui dictar el Govern i es pugui produir en el decurs del campus (que esperem que no es produeixi) pot limitar alguna de les activitats previstes, la qual cosa us fariem saber de seguida.</p>



<p>D&#8217;altra banda contemplem la possibilitat d&#8217;obrir alguna setmana d&#8217;agost, si hi ha prou demanda. Habitualment l&#8217;agost és un mes en que el club roman tancat, però les circumstàncies que ens envolten i amb l&#8217;objectiu de donar-vos servei, volem valorar la possibilitat d&#8217;obrir, si ho necessiteu.</p>



<p>Us adjuntem un formulari per tal que pugueu fer la reserva&nbsp;de la inscripció. La formalització de la mateixa la faríem a mitjans de maig, amb el cobrament d&#8217;un mínim del 20% de l&#8217;import, i el cobrament de la quantitat restant es faria abans de l&#8217;inici del campus.</p>



<p><a href="https://docs.google.com/forms/d/e/1FAIpQLSdFHed4pSIzp3po6uQL-gSWnIDekA9uvVHAuXWMOUrLQiAErw/viewform">https://docs.google.com/forms/d/e/1FAIpQLSdFHed4pSIzp3po6uQL-gSWnIDekA9uvVHAuXWMOUrLQiAErw/viewform</a></p>



<p>En pròximes setmanes us anirem informant del calendari d&#8217;activitats&nbsp;definitiu.</p>

<p>Després d&#8217;un any 2020 en que vam dur a terme un campus d&#8217;estiu de format reduït, obrim el campus d&#8217;estiu 2021 en les nostres noves instal·lacions del Bon Aire, amb un nou plantejament i amb la màxima il·lusió. Les instal·lacions del Bon Aire són un marc únic per desenvolupar la pràctica esportiva, amb la gimnàstica &hellip; </p>
<p class="link-more"><a href="https://www.gimnasticterrassa.cat/?page_id=2772" class="more-link">Continua llegint <span class="screen-reader-text">«Campus d&#8217;estiu 2021»</span></a></p>
