{"id":3031,"date":"2022-04-18T19:45:48","date_gmt":"2022-04-18T18:45:48","guid":{"rendered":"http:\/\/www.gimnasticterrassa.cat\/?page_id=3031"},"modified":"2022-04-21T10:51:50","modified_gmt":"2022-04-21T09:51:50","slug":"campus-destiu-2022","status":"publish","type":"page","link":"https:\/\/www.gimnasticterrassa.cat\/?page_id=3031","title":{"rendered":"Campus d&#8217;Estiu 2022"},"content":{"rendered":"\n<p>Superades les restriccions de la covid, vigents els anys 2020 i en menor mesura 2021, afrontem el campus d&#8217;estiu de 2022 amb la voluntat que sigui ja de plena normalitat i que puguem gaudir al m\u00e0xim de les nostres instal\u00b7lacions.<\/p>\n\n\n\n<p>El darrer any hem estat treballant intensament per millorar-les, tant amb l&#8217;adquisici\u00f3 de nou material com en l&#8217;ampliaci\u00f3 i millora dels espais disponibles. I volem que els nostres campus en siguin un reflex.<\/p>\n\n\n\n<p>Oferirem 4 formats de campus diferents:<\/p>\n\n\n\n<p>El&nbsp;<strong>CAMPUS&nbsp;DE GIMN\u00c0STICA<\/strong>, girar\u00e0 de forma gaireb\u00e9 completa al voltant de la&nbsp;<strong>gimn\u00e0stica art\u00edstica<\/strong>, amb&nbsp;3 a&nbsp;4 hores di\u00e0ries, sota la supervisi\u00f3 de la nostra directora Llu\u00efsa Sierra i l\u2019equip t\u00e8cnic, les quals s\u2019encarregaran&nbsp;d\u2019ajudar les gimnastes inscrites a millorar i treure un major rendiment de la seva activitat, sense oblidar la part l\u00fadica, doncs la piscina del nostre poliesportiu ens permet gaudir-ne al llarg de tot el campus i els espais exterior ofereixen molts recursos, tant dins com fora del poliesportiu.<\/p>\n\n\n\n<p>Un nou <strong>CAMPUS DE PARKOUR<\/strong>, at\u00e8s l&#8217;\u00e8xit que ha tingut el que hem dut a terme la Setmana Santa. Aquest ser\u00e0 un campus que es desenvolupar\u00e0 dins i fora del pavell\u00f3, en el nou parc de parkour que hem estat creant els darrers mesos, i que \u00e9s un complement perfecte per a l&#8217;aprenentatge i pr\u00e0ctica d&#8217;aquesta nova modalitat gimn\u00e0stica. Aquest campus, com el de gimn\u00e0stica, combinar\u00e0 l&#8217;activitat principal amb altres activitats gimn\u00e0stiques i l\u00fadiques, i la visita di\u00e0ria a la piscina del poliesportiu.<\/p>\n\n\n\n<p>Com a novetat aquest any us oferim tamb\u00e9 un <strong>CAMPUS DE TRAMPOL\u00cd I LLIT EL\u00c0STIC<\/strong>, centrat en aquesta modalitat gimn\u00e0stica que el club ha incorporat aquest curs i que est\u00e0 tenint molt bona acollida. L&#8217;objectiu d&#8217;aquest campus \u00e9s l&#8217;aprenentatge i perfeccionament en els aparells de llit el\u00e0stic, doble mini-tramp i mini-tramp, entre d&#8217;altres, en el quals es duen a terme piruetes i salts diversos. Combinant l&#8217;activitat principal amb la piscina i altres modalitats. <\/p>\n\n\n\n<p>finalment tenim el&nbsp;<strong>CAMPUS&nbsp;ESPORTIU<\/strong>, mantenim la&nbsp;<strong>gimn\u00e0stica<\/strong>&nbsp;<strong>art\u00edstica<\/strong> com a activitat troncal i eix vertebrador, per tal que totes i tots els participants puguin gaudir-ne, en nivells m\u00e9s b\u00e0sics, introduint a m\u00e9s elements dels altres dos campus (trampol\u00ed i parkour) i altres activitats esportives, aix\u00ed com visites di\u00e0ries a la piscina del poliesportiu.<\/p>\n\n\n\n<p>El&nbsp;<strong>Campus<\/strong>&nbsp;constar\u00e0 de dues fases, una primera del 23 de juny al 29 de juliol, i una segona del 29 d\u2019agost al 3 de setembre (tenint en compte que les escoles iniciaran el curs el dia 5). Els horaris seran de 9 del mat\u00ed a 17:00, o la possibilitat de fer nom\u00e9s matins (de 9:00 a 13:30) o tardes (de 15:30 a 17:00) incloent o no dinar (de 13:30 a 15:30).&nbsp;El&nbsp;campus&nbsp;de setembre es desenvolupar\u00e0 nom\u00e9s en horari de matins. <\/p>\n\n\n\n<p>Els dinars del migdia els mantenim al mateix preu de l&#8217;any passat, comptant de fer-los al restaurant del poliesportiu. Aquest \u00e9s un apartat que us anirem confirmant els pr\u00f2xims dies, i si podem abaratir cost, us ho comentarem.<\/p>\n\n\n\n<p><strong>Els preus del&nbsp;campus&nbsp;seran els seg\u00fcents:<\/strong><\/p>\n\n\n\n<figure class=\"wp-block-table is-style-stripes\"><table class=\"has-fixed-layout\"><tbody><tr><td><\/td><td>SETMANA LLARGA<\/td><td><\/td><td>SETMANA CURTA<\/td><td><\/td><\/tr><tr><td><\/td><td>NO SOCI<\/td><td>SOCI<\/td><td>NO SOCI<\/td><td>SOCI<\/td><\/tr><tr><td>SETMANA COMPLET<\/td><td>93,00 \u20ac<\/td><td>82,00 \u20ac<\/td><td>74,00 \u20ac<\/td><td>65,00  \u20ac<\/td><\/tr><tr><td>SETMANA MATI<\/td><td>71,00 \u20ac<\/td><td>62,00 \u20ac<\/td><td>56,00 \u20ac<\/td><td>49,00 \u20ac<\/td><\/tr><tr><td>SETMANA TARDA<\/td><td>28,00 \u20ac<\/td><td>23,00 \u20ac<\/td><td>22,00 \u20ac<\/td><td>18,00 \u20ac<\/td><\/tr><tr><td><\/td><td><\/td><td><\/td><td><\/td><td><\/td><\/tr><tr><td>DINAR*<\/td><td>47,50 \u20ac<\/td><td>47,50 \u20ac<\/td><td>38,00 \u20ac<\/td><td>38,00 \u20ac<\/td><\/tr><\/tbody><\/table><\/figure>\n\n\n\n<figure class=\"wp-block-table is-style-stripes\"><table class=\"has-fixed-layout\"><tbody><tr><td><\/td><td>DESCOMPTES<\/td><\/tr><tr><td>3-4 SETMANES<\/td><td>5%<\/td><\/tr><tr><td>5 SETMANES<\/td><td>10%<\/td><\/tr><tr><td>CAMPUS COMPLET<\/td><td>15%<\/td><\/tr><\/tbody><\/table><\/figure>\n\n\n\n<p>* Els dinars no tenen descompte&nbsp;&nbsp;<\/p>\n\n\n\n<p><strong>Els germans tenen un 10% de descompte addicional<\/strong><\/p>\n\n\n\n<p>Us adjuntem el <strong>FORMULARI D&#8217;INSCRIPCI\u00d3<\/strong>. La formalitzaci\u00f3 de la mateixa la farem a mitjans de maig, amb el cobrament d\u2019un m\u00ednim del 20% de l\u2019import, i el cobrament de la quantitat restant es far\u00e0 abans de l\u2019inici del campus.<\/p>\n\n\n\n<p><a href=\"https:\/\/docs.google.com\/forms\/d\/e\/1FAIpQLSf1wM348YAYuJs18a4caupfGVW8BKnm69v3e_XP5kwCBOu6qA\/viewform\">https:\/\/docs.google.com\/forms\/d\/e\/1FAIpQLSf1wM348YAYuJs18a4caupfGVW8BKnm69v3e_XP5kwCBOu6qA\/viewform<\/a><\/p>\n","protected":false},"excerpt":{"rendered":"<p>Superades les restriccions de la covid, vigents els anys 2020 i en menor mesura 2021, afrontem el campus d&#8217;estiu de 2022 amb la voluntat que sigui ja de plena normalitat i que puguem gaudir al m\u00e0xim de les nostres instal\u00b7lacions. El darrer any hem estat treballant intensament per millorar-les, tant amb l&#8217;adquisici\u00f3 de nou material &hellip; <\/p>\n<p class=\"link-more\"><a href=\"https:\/\/www.gimnasticterrassa.cat\/?page_id=3031\" class=\"more-link\">Continua llegint <span class=\"screen-reader-text\">\u00abCampus d&#8217;Estiu 2022\u00bb<\/span><\/a><\/p>\n","protected":false},"author":1,"featured_media":0,"parent":0,"menu_order":0,"comment_status":"closed","ping_status":"closed","template":"","meta":{"jetpack_post_was_ever_published":false,"footnotes":""},"jetpack_sharing_enabled":true,"jetpack_shortlink":"https:\/\/wp.me\/P5M9VU-MT","_links":{"self":[{"href":"https:\/\/www.gimnasticterrassa.cat\/index.php?rest_route=\/wp\/v2\/pages\/3031"}],"collection":[{"href":"https:\/\/www.gimnasticterrassa.cat\/index.php?rest_route=\/wp\/v2\/pages"}],"about":[{"href":"https:\/\/www.gimnasticterrassa.cat\/index.php?rest_route=\/wp\/v2\/types\/page"}],"author":[{"embeddable":true,"href":"https:\/\/www.gimnasticterrassa.cat\/index.php?rest_route=\/wp\/v2\/users\/1"}],"replies":[{"embeddable":true,"href":"https:\/\/www.gimnasticterrassa.cat\/index.php?rest_route=%2Fwp%2Fv2%2Fcomments&post=3031"}],"version-history":[{"count":7,"href":"https:\/\/www.gimnasticterrassa.cat\/index.php?rest_route=\/wp\/v2\/pages\/3031\/revisions"}],"predecessor-version":[{"id":3407,"href":"https:\/\/www.gimnasticterrassa.cat\/index.php?rest_route=\/wp\/v2\/pages\/3031\/revisions\/3407"}],"wp:attachment":[{"href":"https:\/\/www.gimnasticterrassa.cat\/index.php?rest_route=%2Fwp%2Fv2%2Fmedia&parent=3031"}],"curies":[{"name":"wp","href":"https:\/\/api.w.org\/{rel}","templated":true}]}}

<p>Superades les restriccions de la covid, vigents els anys 2020 i en menor mesura 2021, afrontem el campus d&#8217;estiu de 2022 amb la voluntat que sigui ja de plena normalitat i que puguem gaudir al màxim de les nostres instal·lacions.</p>



<p>El darrer any hem estat treballant intensament per millorar-les, tant amb l&#8217;adquisició de nou material com en l&#8217;ampliació i millora dels espais disponibles. I volem que els nostres campus en siguin un reflex.</p>



<p>Oferirem 4 formats de campus diferents:</p>



<p>El&nbsp;<strong>CAMPUS&nbsp;DE GIMNÀSTICA</strong>, girarà de forma gairebé completa al voltant de la&nbsp;<strong>gimnàstica artística</strong>, amb&nbsp;3 a&nbsp;4 hores diàries, sota la supervisió de la nostra directora Lluïsa Sierra i l’equip tècnic, les quals s’encarregaran&nbsp;d’ajudar les gimnastes inscrites a millorar i treure un major rendiment de la seva activitat, sense oblidar la part lúdica, doncs la piscina del nostre poliesportiu ens permet gaudir-ne al llarg de tot el campus i els espais exterior ofereixen molts recursos, tant dins com fora del poliesportiu.</p>



<p>Un nou <strong>CAMPUS DE PARKOUR</strong>, atès l&#8217;èxit que ha tingut el que hem dut a terme la Setmana Santa. Aquest serà un campus que es desenvoluparà dins i fora del pavelló, en el nou parc de parkour que hem estat creant els darrers mesos, i que és un complement perfecte per a l&#8217;aprenentatge i pràctica d&#8217;aquesta nova modalitat gimnàstica. Aquest campus, com el de gimnàstica, combinarà l&#8217;activitat principal amb altres activitats gimnàstiques i lúdiques, i la visita diària a la piscina del poliesportiu.</p>



<p>Com a novetat aquest any us oferim també un <strong>CAMPUS DE TRAMPOLÍ I LLIT ELÀSTIC</strong>, centrat en aquesta modalitat gimnàstica que el club ha incorporat aquest curs i que està tenint molt bona acollida. L&#8217;objectiu d&#8217;aquest campus és l&#8217;aprenentatge i perfeccionament en els aparells de llit elàstic, doble mini-tramp i mini-tramp, entre d&#8217;altres, en el quals es duen a terme piruetes i salts diversos. Combinant l&#8217;activitat principal amb la piscina i altres modalitats. </p>



<p>finalment tenim el&nbsp;<strong>CAMPUS&nbsp;ESPORTIU</strong>, mantenim la&nbsp;<strong>gimnàstica</strong>&nbsp;<strong>artística</strong> com a activitat troncal i eix vertebrador, per tal que totes i tots els participants puguin gaudir-ne, en nivells més bàsics, introduint a més elements dels altres dos campus (trampolí i parkour) i altres activitats esportives, així com visites diàries a la piscina del poliesportiu.</p>



<p>El&nbsp;<strong>Campus</strong>&nbsp;constarà de dues fases, una primera del 23 de juny al 29 de juliol, i una segona del 29 d’agost al 3 de setembre (tenint en compte que les escoles iniciaran el curs el dia 5). Els horaris seran de 9 del matí a 17:00, o la possibilitat de fer només matins (de 9:00 a 13:30) o tardes (de 15:30 a 17:00) incloent o no dinar (de 13:30 a 15:30).&nbsp;El&nbsp;campus&nbsp;de setembre es desenvoluparà només en horari de matins. </p>



<p>Els dinars del migdia els mantenim al mateix preu de l&#8217;any passat, comptant de fer-los al restaurant del poliesportiu. Aquest és un apartat que us anirem confirmant els pròxims dies, i si podem abaratir cost, us ho comentarem.</p>



<p><strong>Els preus del&nbsp;campus&nbsp;seran els següents:</strong></p>



<figure class="wp-block-table is-style-stripes"><table class="has-fixed-layout"><tbody><tr><td></td><td>SETMANA LLARGA</td><td></td><td>SETMANA CURTA</td><td></td></tr><tr><td></td><td>NO SOCI</td><td>SOCI</td><td>NO SOCI</td><td>SOCI</td></tr><tr><td>SETMANA COMPLET</td><td>93,00 €</td><td>82,00 €</td><td>74,00 €</td><td>65,00  €</td></tr><tr><td>SETMANA MATI</td><td>71,00 €</td><td>62,00 €</td><td>56,00 €</td><td>49,00 €</td></tr><tr><td>SETMANA TARDA</td><td>28,00 €</td><td>23,00 €</td><td>22,00 €</td><td>18,00 €</td></tr><tr><td></td><td></td><td></td><td></td><td></td></tr><tr><td>DINAR*</td><td>47,50 €</td><td>47,50 €</td><td>38,00 €</td><td>38,00 €</td></tr></tbody></table></figure>



<figure class="wp-block-table is-style-stripes"><table class="has-fixed-layout"><tbody><tr><td></td><td>DESCOMPTES</td></tr><tr><td>3-4 SETMANES</td><td>5%</td></tr><tr><td>5 SETMANES</td><td>10%</td></tr><tr><td>CAMPUS COMPLET</td><td>15%</td></tr></tbody></table></figure>



<p>* Els dinars no tenen descompte&nbsp;&nbsp;</p>



<p><strong>Els germans tenen un 10% de descompte addicional</strong></p>



<p>Us adjuntem el <strong>FORMULARI D&#8217;INSCRIPCIÓ</strong>. La formalització de la mateixa la farem a mitjans de maig, amb el cobrament d’un mínim del 20% de l’import, i el cobrament de la quantitat restant es farà abans de l’inici del campus.</p>



<p><a href="https://docs.google.com/forms/d/e/1FAIpQLSf1wM348YAYuJs18a4caupfGVW8BKnm69v3e_XP5kwCBOu6qA/viewform">https://docs.google.com/forms/d/e/1FAIpQLSf1wM348YAYuJs18a4caupfGVW8BKnm69v3e_XP5kwCBOu6qA/viewform</a></p>

<p>Superades les restriccions de la covid, vigents els anys 2020 i en menor mesura 2021, afrontem el campus d&#8217;estiu de 2022 amb la voluntat que sigui ja de plena normalitat i que puguem gaudir al màxim de les nostres instal·lacions. El darrer any hem estat treballant intensament per millorar-les, tant amb l&#8217;adquisició de nou material &hellip; </p>
<p class="link-more"><a href="https://www.gimnasticterrassa.cat/?page_id=3031" class="more-link">Continua llegint <span class="screen-reader-text">«Campus d&#8217;Estiu 2022»</span></a></p>
