{"id":3684,"date":"2023-11-09T16:55:58","date_gmt":"2023-11-09T15:55:58","guid":{"rendered":"https:\/\/www.gimnasticterrassa.cat\/?page_id=3684"},"modified":"2023-11-09T16:56:56","modified_gmt":"2023-11-09T15:56:56","slug":"campus-de-nadal-2023","status":"publish","type":"page","link":"https:\/\/www.gimnasticterrassa.cat\/?page_id=3684","title":{"rendered":"Campus de Nadal 2023"},"content":{"rendered":"\n<figure class=\"wp-block-image size-large\"><a href=\"https:\/\/www.gimnasticterrassa.cat\/wp-content\/uploads\/2023\/11\/WhatsApp-Image-2023-11-08-at-11.30.54.jpeg\"><img loading=\"lazy\" decoding=\"async\" width=\"817\" height=\"1024\" data-attachment-id=\"3687\" data-permalink=\"https:\/\/www.gimnasticterrassa.cat\/?attachment_id=3687\" data-orig-file=\"https:\/\/www.gimnasticterrassa.cat\/wp-content\/uploads\/2023\/11\/WhatsApp-Image-2023-11-08-at-11.30.54.jpeg\" data-orig-size=\"1290,1616\" data-comments-opened=\"1\" data-image-meta=\"{&quot;aperture&quot;:&quot;0&quot;,&quot;credit&quot;:&quot;&quot;,&quot;camera&quot;:&quot;&quot;,&quot;caption&quot;:&quot;&quot;,&quot;created_timestamp&quot;:&quot;0&quot;,&quot;copyright&quot;:&quot;&quot;,&quot;focal_length&quot;:&quot;0&quot;,&quot;iso&quot;:&quot;0&quot;,&quot;shutter_speed&quot;:&quot;0&quot;,&quot;title&quot;:&quot;&quot;,&quot;orientation&quot;:&quot;0&quot;}\" data-image-title=\"WhatsApp-Image-2023-11-08-at-11.30.54\" data-image-description=\"\" data-image-caption=\"\" data-medium-file=\"https:\/\/www.gimnasticterrassa.cat\/wp-content\/uploads\/2023\/11\/WhatsApp-Image-2023-11-08-at-11.30.54-239x300.jpeg\" data-large-file=\"https:\/\/www.gimnasticterrassa.cat\/wp-content\/uploads\/2023\/11\/WhatsApp-Image-2023-11-08-at-11.30.54-817x1024.jpeg\" src=\"https:\/\/www.gimnasticterrassa.cat\/wp-content\/uploads\/2023\/11\/WhatsApp-Image-2023-11-08-at-11.30.54-817x1024.jpeg\" alt=\"\" class=\"wp-image-3687\" srcset=\"https:\/\/www.gimnasticterrassa.cat\/wp-content\/uploads\/2023\/11\/WhatsApp-Image-2023-11-08-at-11.30.54-817x1024.jpeg 817w, https:\/\/www.gimnasticterrassa.cat\/wp-content\/uploads\/2023\/11\/WhatsApp-Image-2023-11-08-at-11.30.54-239x300.jpeg 239w, https:\/\/www.gimnasticterrassa.cat\/wp-content\/uploads\/2023\/11\/WhatsApp-Image-2023-11-08-at-11.30.54-768x962.jpeg 768w, https:\/\/www.gimnasticterrassa.cat\/wp-content\/uploads\/2023\/11\/WhatsApp-Image-2023-11-08-at-11.30.54-1226x1536.jpeg 1226w, https:\/\/www.gimnasticterrassa.cat\/wp-content\/uploads\/2023\/11\/WhatsApp-Image-2023-11-08-at-11.30.54.jpeg 1290w\" sizes=\"(max-width: 706px) 89vw, (max-width: 767px) 82vw, 740px\" \/><\/a><\/figure>\n\n\n\n<p>Us presentem el <strong>Campus de Nadal <\/strong>del Club Gimn\u00e0stic Terrassa, que organitzem com \u00e9s tradicional durant les festes de Nadal i Reis.<strong>,\u00a0<\/strong>per tal que les nenes i nens, noies i nois, s\u00f2cies o no del club, puguin continuar fent activitat i gaudint de la gimn\u00e0stica aquest dies.<\/p>\n\n\n\n<p>El\u00a0Campus\u00a0es dur\u00e0 a terme els dies 21, 22, 27, 28 i 29 de desembre i 2, 3, 4 i 5 de gener, en horaris de 9:00 A 13:30 (amb flexibilitat en l\u2019entrada i la sortida, en cas de que sigui necessari).<\/p>\n\n\n\n<p>Enguany obrim la possibilitat de fer campus en horari de migdies (de 13.30 a 15.30) i tardes (de 15.30 a 17.00), tot i que aquest horari nom\u00e9s l&#8217;hem realitzat en per\u00edode d&#8217;estiu. En cas que hi tingueu inter\u00e8s, sisplau indiqueu-nos-ho en el formulari.<\/p>\n\n\n\n<p>Farem les dues modalitats de campus habituals, el de gimn\u00e0stica art\u00edstica, i el de parkour, consolidant el model que hem incorporat els dos darrers anys.<\/p>\n\n\n\n<p>Tots dos campus tenen per objectiu la millora i perfeccionament dels aprenentatges assolits al llarg del curs, o el coneixement de noves t\u00e8cniques, combinat amb alguna altra activitat realitzada a les instal\u00b7lacions del club, per\u00f2 amb l\u2019objectiu principal de potenciar la pr\u00e0ctica de la gimn\u00e0stica i el parkour, que seran els eixos de cada campus.<\/p>\n\n\n\n<p>No \u00e9s imprescindible inscriure\u2019s al\u00a0campus\u00a0complet, pot ser per dies, at\u00e8s que els mateixos es troben repartits en setmanes diferents. El preu total del\u00a0campus\u00a0ser\u00e0 de 120\u20ac per a socis i de 140\u20ac per a no socis.<\/p>\n\n\n\n<p>En cas de tenir inter\u00e8s en\u00a0 fer el\u00a0campus\u00a0sencer, o fer-lo per dies determinats, ens haur\u00edeu d\u2019emplenar el formulari adjunt, tot i que el pagament no caldria fer-lo fins el comen\u00e7ament del mateix.<\/p>\n\n\n\n<p><a href=\"https:\/\/docs.google.com\/forms\/d\/e\/1FAIpQLScR4VdKe2ezVs0ijaPLYFwI3GfRQzn4x6GCZjAmaUA0lvdm6g\/viewform\">https:\/\/docs.google.com\/forms\/d\/e\/1FAIpQLScR4VdKe2ezVs0ijaPLYFwI3GfRQzn4x6GCZjAmaUA0lvdm6g\/viewform<\/a><\/p>\n","protected":false},"excerpt":{"rendered":"<p>Us presentem el Campus de Nadal del Club Gimn\u00e0stic Terrassa, que organitzem com \u00e9s tradicional durant les festes de Nadal i Reis.,\u00a0per tal que les nenes i nens, noies i nois, s\u00f2cies o no del club, puguin continuar fent activitat i gaudint de la gimn\u00e0stica aquest dies. El\u00a0Campus\u00a0es dur\u00e0 a terme els dies 21, 22, &hellip; <\/p>\n<p class=\"link-more\"><a href=\"https:\/\/www.gimnasticterrassa.cat\/?page_id=3684\" class=\"more-link\">Continua llegint <span class=\"screen-reader-text\">\u00abCampus de Nadal 2023\u00bb<\/span><\/a><\/p>\n","protected":false},"author":1,"featured_media":0,"parent":0,"menu_order":0,"comment_status":"closed","ping_status":"closed","template":"","meta":{"jetpack_post_was_ever_published":false,"footnotes":""},"jetpack_sharing_enabled":true,"jetpack_shortlink":"https:\/\/wp.me\/P5M9VU-Xq","_links":{"self":[{"href":"https:\/\/www.gimnasticterrassa.cat\/index.php?rest_route=\/wp\/v2\/pages\/3684"}],"collection":[{"href":"https:\/\/www.gimnasticterrassa.cat\/index.php?rest_route=\/wp\/v2\/pages"}],"about":[{"href":"https:\/\/www.gimnasticterrassa.cat\/index.php?rest_route=\/wp\/v2\/types\/page"}],"author":[{"embeddable":true,"href":"https:\/\/www.gimnasticterrassa.cat\/index.php?rest_route=\/wp\/v2\/users\/1"}],"replies":[{"embeddable":true,"href":"https:\/\/www.gimnasticterrassa.cat\/index.php?rest_route=%2Fwp%2Fv2%2Fcomments&post=3684"}],"version-history":[{"count":4,"href":"https:\/\/www.gimnasticterrassa.cat\/index.php?rest_route=\/wp\/v2\/pages\/3684\/revisions"}],"predecessor-version":[{"id":3688,"href":"https:\/\/www.gimnasticterrassa.cat\/index.php?rest_route=\/wp\/v2\/pages\/3684\/revisions\/3688"}],"wp:attachment":[{"href":"https:\/\/www.gimnasticterrassa.cat\/index.php?rest_route=%2Fwp%2Fv2%2Fmedia&parent=3684"}],"curies":[{"name":"wp","href":"https:\/\/api.w.org\/{rel}","templated":true}]}}

<figure class="wp-block-image size-large"><a href="https://www.gimnasticterrassa.cat/wp-content/uploads/2023/11/WhatsApp-Image-2023-11-08-at-11.30.54.jpeg"><img loading="lazy" decoding="async" width="817" height="1024" data-attachment-id="3687" data-permalink="https://www.gimnasticterrassa.cat/?attachment_id=3687" data-orig-file="https://www.gimnasticterrassa.cat/wp-content/uploads/2023/11/WhatsApp-Image-2023-11-08-at-11.30.54.jpeg" data-orig-size="1290,1616" data-comments-opened="1" data-image-meta="{&quot;aperture&quot;:&quot;0&quot;,&quot;credit&quot;:&quot;&quot;,&quot;camera&quot;:&quot;&quot;,&quot;caption&quot;:&quot;&quot;,&quot;created_timestamp&quot;:&quot;0&quot;,&quot;copyright&quot;:&quot;&quot;,&quot;focal_length&quot;:&quot;0&quot;,&quot;iso&quot;:&quot;0&quot;,&quot;shutter_speed&quot;:&quot;0&quot;,&quot;title&quot;:&quot;&quot;,&quot;orientation&quot;:&quot;0&quot;}" data-image-title="WhatsApp-Image-2023-11-08-at-11.30.54" data-image-description="" data-image-caption="" data-medium-file="https://www.gimnasticterrassa.cat/wp-content/uploads/2023/11/WhatsApp-Image-2023-11-08-at-11.30.54-239x300.jpeg" data-large-file="https://www.gimnasticterrassa.cat/wp-content/uploads/2023/11/WhatsApp-Image-2023-11-08-at-11.30.54-817x1024.jpeg" src="https://www.gimnasticterrassa.cat/wp-content/uploads/2023/11/WhatsApp-Image-2023-11-08-at-11.30.54-817x1024.jpeg" alt="" class="wp-image-3687" srcset="https://www.gimnasticterrassa.cat/wp-content/uploads/2023/11/WhatsApp-Image-2023-11-08-at-11.30.54-817x1024.jpeg 817w, https://www.gimnasticterrassa.cat/wp-content/uploads/2023/11/WhatsApp-Image-2023-11-08-at-11.30.54-239x300.jpeg 239w, https://www.gimnasticterrassa.cat/wp-content/uploads/2023/11/WhatsApp-Image-2023-11-08-at-11.30.54-768x962.jpeg 768w, https://www.gimnasticterrassa.cat/wp-content/uploads/2023/11/WhatsApp-Image-2023-11-08-at-11.30.54-1226x1536.jpeg 1226w, https://www.gimnasticterrassa.cat/wp-content/uploads/2023/11/WhatsApp-Image-2023-11-08-at-11.30.54.jpeg 1290w" sizes="(max-width: 706px) 89vw, (max-width: 767px) 82vw, 740px" /></a></figure>



<p>Us presentem el <strong>Campus de Nadal </strong>del Club Gimnàstic Terrassa, que organitzem com és tradicional durant les festes de Nadal i Reis.<strong>, </strong>per tal que les nenes i nens, noies i nois, sòcies o no del club, puguin continuar fent activitat i gaudint de la gimnàstica aquest dies.</p>



<p>El Campus es durà a terme els dies 21, 22, 27, 28 i 29 de desembre i 2, 3, 4 i 5 de gener, en horaris de 9:00 A 13:30 (amb flexibilitat en l’entrada i la sortida, en cas de que sigui necessari).</p>



<p>Enguany obrim la possibilitat de fer campus en horari de migdies (de 13.30 a 15.30) i tardes (de 15.30 a 17.00), tot i que aquest horari només l&#8217;hem realitzat en període d&#8217;estiu. En cas que hi tingueu interès, sisplau indiqueu-nos-ho en el formulari.</p>



<p>Farem les dues modalitats de campus habituals, el de gimnàstica artística, i el de parkour, consolidant el model que hem incorporat els dos darrers anys.</p>



<p>Tots dos campus tenen per objectiu la millora i perfeccionament dels aprenentatges assolits al llarg del curs, o el coneixement de noves tècniques, combinat amb alguna altra activitat realitzada a les instal·lacions del club, però amb l’objectiu principal de potenciar la pràctica de la gimnàstica i el parkour, que seran els eixos de cada campus.</p>



<p>No és imprescindible inscriure’s al campus complet, pot ser per dies, atès que els mateixos es troben repartits en setmanes diferents. El preu total del campus serà de 120€ per a socis i de 140€ per a no socis.</p>



<p>En cas de tenir interès en  fer el campus sencer, o fer-lo per dies determinats, ens hauríeu d’emplenar el formulari adjunt, tot i que el pagament no caldria fer-lo fins el començament del mateix.</p>



<p><a href="https://docs.google.com/forms/d/e/1FAIpQLScR4VdKe2ezVs0ijaPLYFwI3GfRQzn4x6GCZjAmaUA0lvdm6g/viewform">https://docs.google.com/forms/d/e/1FAIpQLScR4VdKe2ezVs0ijaPLYFwI3GfRQzn4x6GCZjAmaUA0lvdm6g/viewform</a></p>

<p>Us presentem el Campus de Nadal del Club Gimnàstic Terrassa, que organitzem com és tradicional durant les festes de Nadal i Reis., per tal que les nenes i nens, noies i nois, sòcies o no del club, puguin continuar fent activitat i gaudint de la gimnàstica aquest dies. El Campus es durà a terme els dies 21, 22, &hellip; </p>
<p class="link-more"><a href="https://www.gimnasticterrassa.cat/?page_id=3684" class="more-link">Continua llegint <span class="screen-reader-text">«Campus de Nadal 2023»</span></a></p>
