{"id":6373,"date":"2025-11-12T19:59:21","date_gmt":"2025-11-12T18:59:21","guid":{"rendered":"https:\/\/www.gimnasticterrassa.cat\/?page_id=6373"},"modified":"2025-11-13T19:18:06","modified_gmt":"2025-11-13T18:18:06","slug":"campus-de-nadal-2025","status":"publish","type":"page","link":"https:\/\/www.gimnasticterrassa.cat\/?page_id=6373","title":{"rendered":"Campus de Nadal 2025"},"content":{"rendered":"\n<figure class=\"wp-block-image size-large\"><a href=\"https:\/\/www.gimnasticterrassa.cat\/wp-content\/uploads\/2025\/11\/cartell_campus_nadal-1.jpg\"><img loading=\"lazy\" decoding=\"async\" width=\"819\" height=\"1024\" data-attachment-id=\"6381\" data-permalink=\"https:\/\/www.gimnasticterrassa.cat\/?attachment_id=6381\" data-orig-file=\"https:\/\/www.gimnasticterrassa.cat\/wp-content\/uploads\/2025\/11\/cartell_campus_nadal-1.jpg\" data-orig-size=\"1206,1507\" data-comments-opened=\"1\" data-image-meta=\"{&quot;aperture&quot;:&quot;0&quot;,&quot;credit&quot;:&quot;&quot;,&quot;camera&quot;:&quot;&quot;,&quot;caption&quot;:&quot;&quot;,&quot;created_timestamp&quot;:&quot;0&quot;,&quot;copyright&quot;:&quot;&quot;,&quot;focal_length&quot;:&quot;0&quot;,&quot;iso&quot;:&quot;0&quot;,&quot;shutter_speed&quot;:&quot;0&quot;,&quot;title&quot;:&quot;&quot;,&quot;orientation&quot;:&quot;0&quot;}\" data-image-title=\"cartell_campus_nadal-1\" data-image-description=\"\" data-image-caption=\"\" data-medium-file=\"https:\/\/www.gimnasticterrassa.cat\/wp-content\/uploads\/2025\/11\/cartell_campus_nadal-1-240x300.jpg\" data-large-file=\"https:\/\/www.gimnasticterrassa.cat\/wp-content\/uploads\/2025\/11\/cartell_campus_nadal-1-819x1024.jpg\" src=\"https:\/\/www.gimnasticterrassa.cat\/wp-content\/uploads\/2025\/11\/cartell_campus_nadal-1-819x1024.jpg\" alt=\"\" class=\"wp-image-6381\" srcset=\"https:\/\/www.gimnasticterrassa.cat\/wp-content\/uploads\/2025\/11\/cartell_campus_nadal-1-819x1024.jpg 819w, https:\/\/www.gimnasticterrassa.cat\/wp-content\/uploads\/2025\/11\/cartell_campus_nadal-1-240x300.jpg 240w, https:\/\/www.gimnasticterrassa.cat\/wp-content\/uploads\/2025\/11\/cartell_campus_nadal-1-768x960.jpg 768w, https:\/\/www.gimnasticterrassa.cat\/wp-content\/uploads\/2025\/11\/cartell_campus_nadal-1.jpg 1206w\" sizes=\"(max-width: 706px) 89vw, (max-width: 767px) 82vw, 740px\" \/><\/a><\/figure>\n\n\n\n<p>Us presentem el <strong>Campus de Nadal 2025 <\/strong>del Club Gimn\u00e0stic Terrassa, que organitzem com \u00e9s tradicional durant les festes de Nadal i Reis.<strong>,&nbsp;<\/strong>per tal que les nenes i nens, noies i nois, s\u00f2cies o no del club, puguin continuar fent activitat i gaudint de la gimn\u00e0stica aquest dies.<\/p>\n\n\n\n<p>El&nbsp;Campus&nbsp;es dur\u00e0 a terme els dies 22, 23, 24, 29, 30 i 31 de desembre i 2, 5 i 7 de gener, en horaris de 9:00 A 13:30 (amb flexibilitat en l\u2019entrada i la sortida, en cas de que sigui necessari).<\/p>\n\n\n\n<p>Obrim la possibilitat de fer campus en horari de migdies (de 13.30 a 15.30) i tardes (de 15.30 a 17.00). En cas que hi tingueu inter\u00e8s, sisplau indiqueu-nos-ho en el formulari. El cost de migdies ser\u00e0 de 3\u20ac diaris (sense incloure dinar) i de tarda, s&#8217;incrementar\u00e0 l&#8217;import de matins en un 25%. <\/p>\n\n\n\n<p>Farem les dues modalitats de campus habituals, el de gimn\u00e0stica art\u00edstica, i el de parkour, consolidant el model que hem incorporat els darrers anys.<\/p>\n\n\n\n<p>Tots dos campus tenen per objectiu la millora i perfeccionament dels aprenentatges assolits al llarg del curs, o el coneixement de noves t\u00e8cniques, combinat amb alguna altra activitat realitzada a les instal\u00b7lacions del club, per\u00f2 amb l\u2019objectiu principal de potenciar la pr\u00e0ctica de la gimn\u00e0stica i el parkour, que seran els eixos de cada campus.<\/p>\n\n\n\n<p>No \u00e9s imprescindible inscriure\u2019s al\u00a0campus\u00a0complet, pot ser per dies, at\u00e8s que els mateixos es troben repartits en setmanes diferents. El preu total del\u00a0campus\u00a0ser\u00e0 de 125\u20ac per a socis i de 150\u20ac per a no socis.<\/p>\n\n\n\n<p>En cas de tenir inter\u00e8s en&nbsp; fer el&nbsp;campus&nbsp;sencer, o fer-lo per dies determinats, ens haur\u00edeu d\u2019emplenar el formulari adjunt, tot i que el pagament no caldria fer-lo fins el comen\u00e7ament del mateix.<\/p>\n\n\n\n<p><a href=\"https:\/\/forms.gle\/tzgpc1BZQdym73Bg6\">https:\/\/forms.gle\/tzgpc1BZQdym73Bg6<\/a><\/p>\n","protected":false},"excerpt":{"rendered":"<p>Us presentem el Campus de Nadal 2025 del Club Gimn\u00e0stic Terrassa, que organitzem com \u00e9s tradicional durant les festes de Nadal i Reis.,&nbsp;per tal que les nenes i nens, noies i nois, s\u00f2cies o no del club, puguin continuar fent activitat i gaudint de la gimn\u00e0stica aquest dies. El&nbsp;Campus&nbsp;es dur\u00e0 a terme els dies 22, &hellip; <\/p>\n<p class=\"link-more\"><a href=\"https:\/\/www.gimnasticterrassa.cat\/?page_id=6373\" class=\"more-link\">Continua llegint <span class=\"screen-reader-text\">\u00abCampus de Nadal 2025\u00bb<\/span><\/a><\/p>\n","protected":false},"author":1,"featured_media":0,"parent":0,"menu_order":0,"comment_status":"closed","ping_status":"closed","template":"","meta":{"jetpack_post_was_ever_published":false,"footnotes":""},"jetpack_sharing_enabled":true,"jetpack_shortlink":"https:\/\/wp.me\/P5M9VU-1EN","_links":{"self":[{"href":"https:\/\/www.gimnasticterrassa.cat\/index.php?rest_route=\/wp\/v2\/pages\/6373"}],"collection":[{"href":"https:\/\/www.gimnasticterrassa.cat\/index.php?rest_route=\/wp\/v2\/pages"}],"about":[{"href":"https:\/\/www.gimnasticterrassa.cat\/index.php?rest_route=\/wp\/v2\/types\/page"}],"author":[{"embeddable":true,"href":"https:\/\/www.gimnasticterrassa.cat\/index.php?rest_route=\/wp\/v2\/users\/1"}],"replies":[{"embeddable":true,"href":"https:\/\/www.gimnasticterrassa.cat\/index.php?rest_route=%2Fwp%2Fv2%2Fcomments&post=6373"}],"version-history":[{"count":4,"href":"https:\/\/www.gimnasticterrassa.cat\/index.php?rest_route=\/wp\/v2\/pages\/6373\/revisions"}],"predecessor-version":[{"id":6383,"href":"https:\/\/www.gimnasticterrassa.cat\/index.php?rest_route=\/wp\/v2\/pages\/6373\/revisions\/6383"}],"wp:attachment":[{"href":"https:\/\/www.gimnasticterrassa.cat\/index.php?rest_route=%2Fwp%2Fv2%2Fmedia&parent=6373"}],"curies":[{"name":"wp","href":"https:\/\/api.w.org\/{rel}","templated":true}]}}